{"id":61171886,"date":"2026-04-30T22:07:18","date_gmt":"2026-04-30T22:07:18","guid":{"rendered":"https:\/\/api.ibilimenaje.com\/productos\/3421-salero-cuadrado-tapa-acrilica\/"},"modified":"2026-04-30T22:07:18","modified_gmt":"2026-04-30T22:07:18","slug":"3421-salero-cuadrado-tapa-acrilica","status":"publish","type":"productos","link":"https:\/\/api.ibilimenaje.com\/es\/productos\/3421-salero-cuadrado-tapa-acrilica\/","title":{"rendered":"3421-salero-cuadrado-tapa-acrilica"},"content":{"rendered":"<p>714850 Cer\u00e1mica Acr\u00edlico Salero de cocina Saleros  ##8411922448429## ###ceramica###  ####27792915####  #@#72396-es_ES#@#6009-es_ES#@# <\/p>\n","protected":false},"featured_media":61171908,"template":"","product_categories":[72396,6009],"class_list":["post-61171886","productos","type-productos","status-publish","has-post-thumbnail","hentry","product_categories-encimera-y-mesa-2789","product_categories-varios-mesa-cocina-2730","entry"],"acf":{"titulo_visible":"Salero Cuadrado Tapa Acr\u00edlica","subtitle":"Salero cuadrado. Cer\u00c1mica + acrilico.","collection":[27792915],"is_new":false,"description":"Salero cuadrado. Cer\u00e1mica + acrilico.","tags_up":"","tags_down":"[\"https:\/\/api.ibilimenaje.com\/wp-content\/uploads\/2026\/04\/IMAGE__IMPORTED_69f3d10d480b7_ibili-design.svg\"]","images":"[\"https:\/\/api.ibilimenaje.com\/wp-content\/uploads\/2026\/04\/IMAGE__IMPORTED_69f3d10d480b7_714850.jpg\"]","sizes":"[{\"Ref.\":\"714850\",\"L (cm)\":\"11\",\"W (cm)\":\"11\",\"H (cm)\":\"9,9\",\"Lts\":\"0,68\",\"https:\/\/api.ibilimenaje.com\/wp-content\/uploads\/2026\/04\/IMAGE__IMPORTED_69f3d10d480b7_ue.svg\":\"6\/24\",\"Bar Code\":\"8411922448429\"}]","features":"","related_products":"","video":"","related_article":"","materials":"[\"Cer\u00e1mica\",\"Acr\u00edlico\"]","qr_redirect":"[\"https:\/\/www.ibilimenaje.com\/es\/p\/products\/d\/3421-salero-cuadrado-tapa-acrilica\"]","downloads":""},"yoast_head":"<!-- This site is optimized with the Yoast SEO plugin v22.6 - https:\/\/yoast.com\/wordpress\/plugins\/seo\/ -->\n<title>3421-salero-cuadrado-tapa-acrilica - Ibili Stage<\/title>\n<meta name=\"robots\" content=\"noindex, follow, max-snippet:-1, max-image-preview:large, max-video-preview:-1\" \/>\n<meta property=\"og:locale\" content=\"es_ES\" \/>\n<meta property=\"og:type\" content=\"article\" \/>\n<meta property=\"og:title\" content=\"3421-salero-cuadrado-tapa-acrilica - Ibili Stage\" \/>\n<meta property=\"og:description\" content=\"714850 Cer\u00e1mica Acr\u00edlico Salero de cocina Saleros ##8411922448429## ###ceramica### ####27792915#### #@#72396-es_ES#@#6009-es_ES#@#\" \/>\n<meta property=\"og:url\" content=\"https:\/\/api.ibilimenaje.com\/es\/productos\/3421-salero-cuadrado-tapa-acrilica\/\" \/>\n<meta property=\"og:site_name\" content=\"Ibili Stage\" \/>\n<meta name=\"twitter:card\" content=\"summary_large_image\" \/>\n<script type=\"application\/ld+json\" class=\"yoast-schema-graph\">{\"@context\":\"https:\/\/schema.org\",\"@graph\":[{\"@type\":\"WebPage\",\"@id\":\"https:\/\/api.ibilimenaje.com\/es\/productos\/3421-salero-cuadrado-tapa-acrilica\/\",\"url\":\"https:\/\/api.ibilimenaje.com\/es\/productos\/3421-salero-cuadrado-tapa-acrilica\/\",\"name\":\"3421-salero-cuadrado-tapa-acrilica - Ibili Stage\",\"isPartOf\":{\"@id\":\"https:\/\/api.ibilimenaje.com\/es\/#website\"},\"primaryImageOfPage\":{\"@id\":\"https:\/\/api.ibilimenaje.com\/es\/productos\/3421-salero-cuadrado-tapa-acrilica\/#primaryimage\"},\"image\":{\"@id\":\"https:\/\/api.ibilimenaje.com\/es\/productos\/3421-salero-cuadrado-tapa-acrilica\/#primaryimage\"},\"thumbnailUrl\":\"https:\/\/api.ibilimenaje.com\/wp-content\/uploads\/2026\/04\/IMAGE__IMPORTED_69f3d10d480b7_714850.jpg\",\"datePublished\":\"2026-04-30T22:07:18+00:00\",\"dateModified\":\"2026-04-30T22:07:18+00:00\",\"breadcrumb\":{\"@id\":\"https:\/\/api.ibilimenaje.com\/es\/productos\/3421-salero-cuadrado-tapa-acrilica\/#breadcrumb\"},\"inLanguage\":\"es\",\"potentialAction\":[{\"@type\":\"ReadAction\",\"target\":[\"https:\/\/api.ibilimenaje.com\/es\/productos\/3421-salero-cuadrado-tapa-acrilica\/\"]}]},{\"@type\":\"ImageObject\",\"inLanguage\":\"es\",\"@id\":\"https:\/\/api.ibilimenaje.com\/es\/productos\/3421-salero-cuadrado-tapa-acrilica\/#primaryimage\",\"url\":\"https:\/\/api.ibilimenaje.com\/wp-content\/uploads\/2026\/04\/IMAGE__IMPORTED_69f3d10d480b7_714850.jpg\",\"contentUrl\":\"https:\/\/api.ibilimenaje.com\/wp-content\/uploads\/2026\/04\/IMAGE__IMPORTED_69f3d10d480b7_714850.jpg\",\"width\":900,\"height\":736},{\"@type\":\"BreadcrumbList\",\"@id\":\"https:\/\/api.ibilimenaje.com\/es\/productos\/3421-salero-cuadrado-tapa-acrilica\/#breadcrumb\",\"itemListElement\":[{\"@type\":\"ListItem\",\"position\":1,\"name\":\"Portada\",\"item\":\"https:\/\/api.ibilimenaje.com\/es\/\"},{\"@type\":\"ListItem\",\"position\":2,\"name\":\"3421-salero-cuadrado-tapa-acrilica\"}]},{\"@type\":\"WebSite\",\"@id\":\"https:\/\/api.ibilimenaje.com\/es\/#website\",\"url\":\"https:\/\/api.ibilimenaje.com\/es\/\",\"name\":\"Ibili Stage\",\"description\":\"Otro sitio realizado con WordPress\",\"potentialAction\":[{\"@type\":\"SearchAction\",\"target\":{\"@type\":\"EntryPoint\",\"urlTemplate\":\"https:\/\/api.ibilimenaje.com\/es\/?s={search_term_string}\"},\"query-input\":\"required name=search_term_string\"}],\"inLanguage\":\"es\"}]}<\/script>\n<!-- \/ Yoast SEO plugin. -->","yoast_head_json":{"title":"3421-salero-cuadrado-tapa-acrilica - Ibili Stage","robots":{"index":"noindex","follow":"follow","max-snippet":"max-snippet:-1","max-image-preview":"max-image-preview:large","max-video-preview":"max-video-preview:-1"},"og_locale":"es_ES","og_type":"article","og_title":"3421-salero-cuadrado-tapa-acrilica - Ibili Stage","og_description":"714850 Cer\u00e1mica Acr\u00edlico Salero de cocina Saleros ##8411922448429## ###ceramica### ####27792915#### #@#72396-es_ES#@#6009-es_ES#@#","og_url":"https:\/\/api.ibilimenaje.com\/es\/productos\/3421-salero-cuadrado-tapa-acrilica\/","og_site_name":"Ibili Stage","twitter_card":"summary_large_image","schema":{"@context":"https:\/\/schema.org","@graph":[{"@type":"WebPage","@id":"https:\/\/api.ibilimenaje.com\/es\/productos\/3421-salero-cuadrado-tapa-acrilica\/","url":"https:\/\/api.ibilimenaje.com\/es\/productos\/3421-salero-cuadrado-tapa-acrilica\/","name":"3421-salero-cuadrado-tapa-acrilica - Ibili Stage","isPartOf":{"@id":"https:\/\/api.ibilimenaje.com\/es\/#website"},"primaryImageOfPage":{"@id":"https:\/\/api.ibilimenaje.com\/es\/productos\/3421-salero-cuadrado-tapa-acrilica\/#primaryimage"},"image":{"@id":"https:\/\/api.ibilimenaje.com\/es\/productos\/3421-salero-cuadrado-tapa-acrilica\/#primaryimage"},"thumbnailUrl":"https:\/\/api.ibilimenaje.com\/wp-content\/uploads\/2026\/04\/IMAGE__IMPORTED_69f3d10d480b7_714850.jpg","datePublished":"2026-04-30T22:07:18+00:00","dateModified":"2026-04-30T22:07:18+00:00","breadcrumb":{"@id":"https:\/\/api.ibilimenaje.com\/es\/productos\/3421-salero-cuadrado-tapa-acrilica\/#breadcrumb"},"inLanguage":"es","potentialAction":[{"@type":"ReadAction","target":["https:\/\/api.ibilimenaje.com\/es\/productos\/3421-salero-cuadrado-tapa-acrilica\/"]}]},{"@type":"ImageObject","inLanguage":"es","@id":"https:\/\/api.ibilimenaje.com\/es\/productos\/3421-salero-cuadrado-tapa-acrilica\/#primaryimage","url":"https:\/\/api.ibilimenaje.com\/wp-content\/uploads\/2026\/04\/IMAGE__IMPORTED_69f3d10d480b7_714850.jpg","contentUrl":"https:\/\/api.ibilimenaje.com\/wp-content\/uploads\/2026\/04\/IMAGE__IMPORTED_69f3d10d480b7_714850.jpg","width":900,"height":736},{"@type":"BreadcrumbList","@id":"https:\/\/api.ibilimenaje.com\/es\/productos\/3421-salero-cuadrado-tapa-acrilica\/#breadcrumb","itemListElement":[{"@type":"ListItem","position":1,"name":"Portada","item":"https:\/\/api.ibilimenaje.com\/es\/"},{"@type":"ListItem","position":2,"name":"3421-salero-cuadrado-tapa-acrilica"}]},{"@type":"WebSite","@id":"https:\/\/api.ibilimenaje.com\/es\/#website","url":"https:\/\/api.ibilimenaje.com\/es\/","name":"Ibili Stage","description":"Otro sitio realizado con WordPress","potentialAction":[{"@type":"SearchAction","target":{"@type":"EntryPoint","urlTemplate":"https:\/\/api.ibilimenaje.com\/es\/?s={search_term_string}"},"query-input":"required name=search_term_string"}],"inLanguage":"es"}]}},"_links":{"self":[{"href":"https:\/\/api.ibilimenaje.com\/es\/wp-json\/wp\/v2\/productos\/61171886","targetHints":{"allow":["GET"]}}],"collection":[{"href":"https:\/\/api.ibilimenaje.com\/es\/wp-json\/wp\/v2\/productos"}],"about":[{"href":"https:\/\/api.ibilimenaje.com\/es\/wp-json\/wp\/v2\/types\/productos"}],"acf:post":[{"embeddable":true,"href":"https:\/\/api.ibilimenaje.com\/es\/wp-json\/wp\/v2\/colecciones\/27792915"}],"wp:featuredmedia":[{"embeddable":true,"href":"https:\/\/api.ibilimenaje.com\/es\/wp-json\/wp\/v2\/media\/61171908"}],"wp:attachment":[{"href":"https:\/\/api.ibilimenaje.com\/es\/wp-json\/wp\/v2\/media?parent=61171886"}],"wp:term":[{"taxonomy":"product_categories","embeddable":true,"href":"https:\/\/api.ibilimenaje.com\/es\/wp-json\/wp\/v2\/product_categories?post=61171886"}],"curies":[{"name":"wp","href":"https:\/\/api.w.org\/{rel}","templated":true}]}}

<p>714850 Cerámica Acrílico Salero de cocina Saleros  ##8411922448429## ###ceramica###  ####27792915####  #@#72396-es_ES#@#6009-es_ES#@# </p>

Salero Cuadrado Tapa Acrílica

Salero cuadrado. CerÁmica + acrilico.

Salero cuadrado. Cerámica + acrilico.

["Cerámica","Acrílico"]

<!-- This site is optimized with the Yoast SEO plugin v22.6 - https://yoast.com/wordpress/plugins/seo/ -->
<title>3421-salero-cuadrado-tapa-acrilica - Ibili Stage</title>
<meta name="robots" content="noindex, follow, max-snippet:-1, max-image-preview:large, max-video-preview:-1" />
<meta property="og:locale" content="es_ES" />
<meta property="og:type" content="article" />
<meta property="og:title" content="3421-salero-cuadrado-tapa-acrilica - Ibili Stage" />
<meta property="og:description" content="714850 Cerámica Acrílico Salero de cocina Saleros ##8411922448429## ###ceramica### ####27792915#### #@#72396-es_ES#@#6009-es_ES#@#" />
<meta property="og:url" content="https://api.ibilimenaje.com/es/productos/3421-salero-cuadrado-tapa-acrilica/" />
<meta property="og:site_name" content="Ibili Stage" />
<meta name="twitter:card" content="summary_large_image" />
<script type="application/ld+json" class="yoast-schema-graph">{"@context":"https://schema.org","@graph":[{"@type":"WebPage","@id":"https://api.ibilimenaje.com/es/productos/3421-salero-cuadrado-tapa-acrilica/","url":"https://api.ibilimenaje.com/es/productos/3421-salero-cuadrado-tapa-acrilica/","name":"3421-salero-cuadrado-tapa-acrilica - Ibili Stage","isPartOf":{"@id":"https://api.ibilimenaje.com/es/#website"},"primaryImageOfPage":{"@id":"https://api.ibilimenaje.com/es/productos/3421-salero-cuadrado-tapa-acrilica/#primaryimage"},"image":{"@id":"https://api.ibilimenaje.com/es/productos/3421-salero-cuadrado-tapa-acrilica/#primaryimage"},"thumbnailUrl":"https://api.ibilimenaje.com/wp-content/uploads/2026/04/IMAGE__IMPORTED_69f3d10d480b7_714850.jpg","datePublished":"2026-04-30T22:07:18+00:00","dateModified":"2026-04-30T22:07:18+00:00","breadcrumb":{"@id":"https://api.ibilimenaje.com/es/productos/3421-salero-cuadrado-tapa-acrilica/#breadcrumb"},"inLanguage":"es","potentialAction":[{"@type":"ReadAction","target":["https://api.ibilimenaje.com/es/productos/3421-salero-cuadrado-tapa-acrilica/"]}]},{"@type":"ImageObject","inLanguage":"es","@id":"https://api.ibilimenaje.com/es/productos/3421-salero-cuadrado-tapa-acrilica/#primaryimage","url":"https://api.ibilimenaje.com/wp-content/uploads/2026/04/IMAGE__IMPORTED_69f3d10d480b7_714850.jpg","contentUrl":"https://api.ibilimenaje.com/wp-content/uploads/2026/04/IMAGE__IMPORTED_69f3d10d480b7_714850.jpg","width":900,"height":736},{"@type":"BreadcrumbList","@id":"https://api.ibilimenaje.com/es/productos/3421-salero-cuadrado-tapa-acrilica/#breadcrumb","itemListElement":[{"@type":"ListItem","position":1,"name":"Portada","item":"https://api.ibilimenaje.com/es/"},{"@type":"ListItem","position":2,"name":"3421-salero-cuadrado-tapa-acrilica"}]},{"@type":"WebSite","@id":"https://api.ibilimenaje.com/es/#website","url":"https://api.ibilimenaje.com/es/","name":"Ibili Stage","description":"Otro sitio realizado con WordPress","potentialAction":[{"@type":"SearchAction","target":{"@type":"EntryPoint","urlTemplate":"https://api.ibilimenaje.com/es/?s={search_term_string}"},"query-input":"required name=search_term_string"}],"inLanguage":"es"}]}</script>
<!-- / Yoast SEO plugin. -->

714850 Cerámica Acrílico Salero de cocina Saleros ##8411922448429## ###ceramica### ####27792915#### #@#72396-es_ES#@#6009-es_ES#@#
