{"id":61175859,"date":"2026-04-30T22:08:14","date_gmt":"2026-04-30T22:08:14","guid":{"rendered":"https:\/\/api.ibilimenaje.com\/productos\/47408-plato-de-madera\/"},"modified":"2026-04-30T22:08:14","modified_gmt":"2026-04-30T22:08:14","slug":"47408-plato-de-madera","status":"publish","type":"productos","link":"https:\/\/api.ibilimenaje.com\/es\/productos\/47408-plato-de-madera\/","title":{"rendered":"47408-plato-de-madera"},"content":{"rendered":"<p>691216 691218 691220 691222 691224 691226 691228 Madera de Acacia Plato  ##8411922475661##8411922475678##8411922475685##8411922475692##8411922475708##8411922475715##8411922475722## ###madera###  ####559723####  #@#-es_ES#@#72411-es_ES#@#6009-es_ES#@# <\/p>\n","protected":false},"featured_media":61175877,"template":"","product_categories":[72411,6009],"class_list":["post-61175859","productos","type-productos","status-publish","has-post-thumbnail","hentry","product_categories-utensilios-2812","product_categories-varios-mesa-cocina-2730","entry"],"acf":{"titulo_visible":"Plato de Madera","subtitle":"PRESENTACI\u00d3N DE ENTREMESES CON EL ENCANTO NATURAL DE LA ACACIA","collection":[559723],"is_new":false,"description":"Este plato de madera de acacia est\u00e1 disponible en 7 tama\u00f1os, desde 16 hasta 28 cm de di\u00e1metro.#BR#<ul><li>La madera est\u00e1 tratada con revestimiento de aceite alimentario, que garantiza su seguridad en el contacto con alimentos.<\/li>#BR#<li>Ideal para presentar una variedad de entremeses como pulpo, embutidos, quesos, entre otros.<\/li>#BR#<li>Para su cuidado, se recomienda lavar a mano y secar con un pa\u00f1o inmediatamente despu\u00e9s.<\/li>","tags_up":"","tags_down":"","images":"[\"https:\/\/api.ibilimenaje.com\/wp-content\/uploads\/2026\/04\/IMAGE__IMPORTED_69f3d10d480b7_691216.jpg\",\"https:\/\/api.ibilimenaje.com\/wp-content\/uploads\/2026\/04\/IMAGE__IMPORTED_69f3d10d480b7_691216A.jpg\",\"https:\/\/api.ibilimenaje.com\/wp-content\/uploads\/2026\/04\/IMAGE__IMPORTED_69f3d10d480b7_691216B.jpg\",\"https:\/\/api.ibilimenaje.com\/wp-content\/uploads\/2026\/04\/IMAGE__IMPORTED_69f3d10d480b7_691216C.jpg\"]","sizes":"[{\"Ref.\":\"691216\",\"https:\/\/api.ibilimenaje.com\/wp-content\/uploads\/2026\/04\/IMAGE__IMPORTED_69f3d10d480b7_diamcm.svg\":\"16\",\"H (mm)\":\"21,5\",\"https:\/\/api.ibilimenaje.com\/wp-content\/uploads\/2026\/04\/IMAGE__IMPORTED_69f3d10d480b7_ue.svg\":\"4\/24\",\"Bar Code\":\"8411922475661\"},{\"Ref.\":\"691218\",\"https:\/\/api.ibilimenaje.com\/wp-content\/uploads\/2026\/04\/IMAGE__IMPORTED_69f3d10d480b7_diamcm.svg\":\"18\",\"H (mm)\":\"21,5\",\"https:\/\/api.ibilimenaje.com\/wp-content\/uploads\/2026\/04\/IMAGE__IMPORTED_69f3d10d480b7_ue.svg\":\"4\/24\",\"Bar Code\":\"8411922475678\"},{\"Ref.\":\"691220\",\"https:\/\/api.ibilimenaje.com\/wp-content\/uploads\/2026\/04\/IMAGE__IMPORTED_69f3d10d480b7_diamcm.svg\":\"20\",\"H (mm)\":\"21,5\",\"https:\/\/api.ibilimenaje.com\/wp-content\/uploads\/2026\/04\/IMAGE__IMPORTED_69f3d10d480b7_ue.svg\":\"4\/24\",\"Bar Code\":\"8411922475685\"},{\"Ref.\":\"691222\",\"https:\/\/api.ibilimenaje.com\/wp-content\/uploads\/2026\/04\/IMAGE__IMPORTED_69f3d10d480b7_diamcm.svg\":\"22\",\"H (mm)\":\"21,5\",\"https:\/\/api.ibilimenaje.com\/wp-content\/uploads\/2026\/04\/IMAGE__IMPORTED_69f3d10d480b7_ue.svg\":\"4\/24\",\"Bar Code\":\"8411922475692\"},{\"Ref.\":\"691224\",\"https:\/\/api.ibilimenaje.com\/wp-content\/uploads\/2026\/04\/IMAGE__IMPORTED_69f3d10d480b7_diamcm.svg\":\"24\",\"H (mm)\":\"21,5\",\"https:\/\/api.ibilimenaje.com\/wp-content\/uploads\/2026\/04\/IMAGE__IMPORTED_69f3d10d480b7_ue.svg\":\"4\/24\",\"Bar Code\":\"8411922475708\"},{\"Ref.\":\"691226\",\"https:\/\/api.ibilimenaje.com\/wp-content\/uploads\/2026\/04\/IMAGE__IMPORTED_69f3d10d480b7_diamcm.svg\":\"26\",\"H (mm)\":\"21,5\",\"https:\/\/api.ibilimenaje.com\/wp-content\/uploads\/2026\/04\/IMAGE__IMPORTED_69f3d10d480b7_ue.svg\":\"4\/24\",\"Bar Code\":\"8411922475715\"},{\"Ref.\":\"691228\",\"https:\/\/api.ibilimenaje.com\/wp-content\/uploads\/2026\/04\/IMAGE__IMPORTED_69f3d10d480b7_diamcm.svg\":\"28\",\"H (mm)\":\"21,5\",\"https:\/\/api.ibilimenaje.com\/wp-content\/uploads\/2026\/04\/IMAGE__IMPORTED_69f3d10d480b7_ue.svg\":\"4\/24\",\"Bar Code\":\"8411922475722\"}]","features":"","related_products":"[{\"title\":\"Set Cuchillos para Queso\",\"uri\":\"\/productos\/3716-set-cuchillos-para-queso\",\"imgsrc\":\"https:\/\/api.ibilimenaje.com\/wp-content\/uploads\/2026\/04\/IMAGE__IMPORTED_69f3d10d480b7_782750.jpg\"},{\"title\":\"Cortador en Virutas con Tapa para Queso y Chocolate \"La Girolle\"\",\"uri\":\"\/productos\/4723-cortador-en-virutas-con-tapa-para-queso-y-chocolate-la-girolle\",\"imgsrc\":\"https:\/\/api.ibilimenaje.com\/wp-content\/uploads\/2026\/04\/IMAGE__IMPORTED_69f3d10d480b7_788100.jpg\"},{\"title\":\"Cuenco Vintage Peche\",\"uri\":\"\/productos\/5785-cuenco-vintage-peche\",\"imgsrc\":\"https:\/\/api.ibilimenaje.com\/wp-content\/uploads\/2026\/04\/IMAGE__IMPORTED_69f3d10d480b7_941600.jpg\"},{\"title\":\"Cubo Vintage Petrol 8cm\",\"uri\":\"\/productos\/8730-cubo-vintage-petrol-8cm\",\"imgsrc\":\"https:\/\/api.ibilimenaje.com\/wp-content\/uploads\/2026\/04\/IMAGE__IMPORTED_69f3d10d480b7_942101.jpg\"}]","video":"","related_article":"","materials":"[\"Madera de Acacia\"]","qr_redirect":"[\"https:\/\/www.ibilimenaje.com\/es\/p\/products\/d\/47408-plato-de-madera\",\"https:\/\/www.ibilimenaje.com\/es\/p\/products\/d\/47408-plato-de-madera\",\"https:\/\/www.ibilimenaje.com\/es\/p\/products\/d\/47408-plato-de-madera\",\"https:\/\/www.ibilimenaje.com\/es\/p\/products\/d\/47408-plato-de-madera\",\"https:\/\/www.ibilimenaje.com\/es\/p\/products\/d\/47408-plato-de-madera\",\"https:\/\/www.ibilimenaje.com\/es\/p\/products\/d\/47408-plato-de-madera\",\"https:\/\/www.ibilimenaje.com\/es\/p\/products\/d\/47408-plato-de-madera\"]","downloads":""},"yoast_head":"<!-- This site is optimized with the Yoast SEO plugin v22.6 - https:\/\/yoast.com\/wordpress\/plugins\/seo\/ -->\n<title>47408-plato-de-madera - Ibili Stage<\/title>\n<meta name=\"robots\" content=\"noindex, follow, max-snippet:-1, max-image-preview:large, max-video-preview:-1\" \/>\n<meta property=\"og:locale\" content=\"es_ES\" \/>\n<meta property=\"og:type\" content=\"article\" \/>\n<meta property=\"og:title\" content=\"47408-plato-de-madera - Ibili Stage\" \/>\n<meta property=\"og:description\" content=\"691216 691218 691220 691222 691224 691226 691228 Madera de Acacia Plato ##8411922475661##8411922475678##8411922475685##8411922475692##8411922475708##8411922475715##8411922475722## ###madera### ####559723#### #@#-es_ES#@#72411-es_ES#@#6009-es_ES#@#\" \/>\n<meta property=\"og:url\" content=\"https:\/\/api.ibilimenaje.com\/es\/productos\/47408-plato-de-madera\/\" \/>\n<meta property=\"og:site_name\" content=\"Ibili Stage\" \/>\n<meta name=\"twitter:card\" content=\"summary_large_image\" \/>\n<script type=\"application\/ld+json\" class=\"yoast-schema-graph\">{\"@context\":\"https:\/\/schema.org\",\"@graph\":[{\"@type\":\"WebPage\",\"@id\":\"https:\/\/api.ibilimenaje.com\/es\/productos\/47408-plato-de-madera\/\",\"url\":\"https:\/\/api.ibilimenaje.com\/es\/productos\/47408-plato-de-madera\/\",\"name\":\"47408-plato-de-madera - Ibili Stage\",\"isPartOf\":{\"@id\":\"https:\/\/api.ibilimenaje.com\/es\/#website\"},\"primaryImageOfPage\":{\"@id\":\"https:\/\/api.ibilimenaje.com\/es\/productos\/47408-plato-de-madera\/#primaryimage\"},\"image\":{\"@id\":\"https:\/\/api.ibilimenaje.com\/es\/productos\/47408-plato-de-madera\/#primaryimage\"},\"thumbnailUrl\":\"https:\/\/api.ibilimenaje.com\/wp-content\/uploads\/2026\/04\/IMAGE__IMPORTED_69f3d10d480b7_691216.jpg\",\"datePublished\":\"2026-04-30T22:08:14+00:00\",\"dateModified\":\"2026-04-30T22:08:14+00:00\",\"breadcrumb\":{\"@id\":\"https:\/\/api.ibilimenaje.com\/es\/productos\/47408-plato-de-madera\/#breadcrumb\"},\"inLanguage\":\"es\",\"potentialAction\":[{\"@type\":\"ReadAction\",\"target\":[\"https:\/\/api.ibilimenaje.com\/es\/productos\/47408-plato-de-madera\/\"]}]},{\"@type\":\"ImageObject\",\"inLanguage\":\"es\",\"@id\":\"https:\/\/api.ibilimenaje.com\/es\/productos\/47408-plato-de-madera\/#primaryimage\",\"url\":\"https:\/\/api.ibilimenaje.com\/wp-content\/uploads\/2026\/04\/IMAGE__IMPORTED_69f3d10d480b7_691216.jpg\",\"contentUrl\":\"https:\/\/api.ibilimenaje.com\/wp-content\/uploads\/2026\/04\/IMAGE__IMPORTED_69f3d10d480b7_691216.jpg\",\"width\":900,\"height\":600},{\"@type\":\"BreadcrumbList\",\"@id\":\"https:\/\/api.ibilimenaje.com\/es\/productos\/47408-plato-de-madera\/#breadcrumb\",\"itemListElement\":[{\"@type\":\"ListItem\",\"position\":1,\"name\":\"Portada\",\"item\":\"https:\/\/api.ibilimenaje.com\/es\/\"},{\"@type\":\"ListItem\",\"position\":2,\"name\":\"47408-plato-de-madera\"}]},{\"@type\":\"WebSite\",\"@id\":\"https:\/\/api.ibilimenaje.com\/es\/#website\",\"url\":\"https:\/\/api.ibilimenaje.com\/es\/\",\"name\":\"Ibili Stage\",\"description\":\"Otro sitio realizado con WordPress\",\"potentialAction\":[{\"@type\":\"SearchAction\",\"target\":{\"@type\":\"EntryPoint\",\"urlTemplate\":\"https:\/\/api.ibilimenaje.com\/es\/?s={search_term_string}\"},\"query-input\":\"required name=search_term_string\"}],\"inLanguage\":\"es\"}]}<\/script>\n<!-- \/ Yoast SEO plugin. -->","yoast_head_json":{"title":"47408-plato-de-madera - Ibili Stage","robots":{"index":"noindex","follow":"follow","max-snippet":"max-snippet:-1","max-image-preview":"max-image-preview:large","max-video-preview":"max-video-preview:-1"},"og_locale":"es_ES","og_type":"article","og_title":"47408-plato-de-madera - Ibili Stage","og_description":"691216 691218 691220 691222 691224 691226 691228 Madera de Acacia Plato ##8411922475661##8411922475678##8411922475685##8411922475692##8411922475708##8411922475715##8411922475722## ###madera### ####559723#### #@#-es_ES#@#72411-es_ES#@#6009-es_ES#@#","og_url":"https:\/\/api.ibilimenaje.com\/es\/productos\/47408-plato-de-madera\/","og_site_name":"Ibili Stage","twitter_card":"summary_large_image","schema":{"@context":"https:\/\/schema.org","@graph":[{"@type":"WebPage","@id":"https:\/\/api.ibilimenaje.com\/es\/productos\/47408-plato-de-madera\/","url":"https:\/\/api.ibilimenaje.com\/es\/productos\/47408-plato-de-madera\/","name":"47408-plato-de-madera - Ibili Stage","isPartOf":{"@id":"https:\/\/api.ibilimenaje.com\/es\/#website"},"primaryImageOfPage":{"@id":"https:\/\/api.ibilimenaje.com\/es\/productos\/47408-plato-de-madera\/#primaryimage"},"image":{"@id":"https:\/\/api.ibilimenaje.com\/es\/productos\/47408-plato-de-madera\/#primaryimage"},"thumbnailUrl":"https:\/\/api.ibilimenaje.com\/wp-content\/uploads\/2026\/04\/IMAGE__IMPORTED_69f3d10d480b7_691216.jpg","datePublished":"2026-04-30T22:08:14+00:00","dateModified":"2026-04-30T22:08:14+00:00","breadcrumb":{"@id":"https:\/\/api.ibilimenaje.com\/es\/productos\/47408-plato-de-madera\/#breadcrumb"},"inLanguage":"es","potentialAction":[{"@type":"ReadAction","target":["https:\/\/api.ibilimenaje.com\/es\/productos\/47408-plato-de-madera\/"]}]},{"@type":"ImageObject","inLanguage":"es","@id":"https:\/\/api.ibilimenaje.com\/es\/productos\/47408-plato-de-madera\/#primaryimage","url":"https:\/\/api.ibilimenaje.com\/wp-content\/uploads\/2026\/04\/IMAGE__IMPORTED_69f3d10d480b7_691216.jpg","contentUrl":"https:\/\/api.ibilimenaje.com\/wp-content\/uploads\/2026\/04\/IMAGE__IMPORTED_69f3d10d480b7_691216.jpg","width":900,"height":600},{"@type":"BreadcrumbList","@id":"https:\/\/api.ibilimenaje.com\/es\/productos\/47408-plato-de-madera\/#breadcrumb","itemListElement":[{"@type":"ListItem","position":1,"name":"Portada","item":"https:\/\/api.ibilimenaje.com\/es\/"},{"@type":"ListItem","position":2,"name":"47408-plato-de-madera"}]},{"@type":"WebSite","@id":"https:\/\/api.ibilimenaje.com\/es\/#website","url":"https:\/\/api.ibilimenaje.com\/es\/","name":"Ibili Stage","description":"Otro sitio realizado con WordPress","potentialAction":[{"@type":"SearchAction","target":{"@type":"EntryPoint","urlTemplate":"https:\/\/api.ibilimenaje.com\/es\/?s={search_term_string}"},"query-input":"required name=search_term_string"}],"inLanguage":"es"}]}},"_links":{"self":[{"href":"https:\/\/api.ibilimenaje.com\/es\/wp-json\/wp\/v2\/productos\/61175859","targetHints":{"allow":["GET"]}}],"collection":[{"href":"https:\/\/api.ibilimenaje.com\/es\/wp-json\/wp\/v2\/productos"}],"about":[{"href":"https:\/\/api.ibilimenaje.com\/es\/wp-json\/wp\/v2\/types\/productos"}],"acf:post":[{"embeddable":true,"href":"https:\/\/api.ibilimenaje.com\/es\/wp-json\/wp\/v2\/colecciones\/559723"}],"wp:featuredmedia":[{"embeddable":true,"href":"https:\/\/api.ibilimenaje.com\/es\/wp-json\/wp\/v2\/media\/61175877"}],"wp:attachment":[{"href":"https:\/\/api.ibilimenaje.com\/es\/wp-json\/wp\/v2\/media?parent=61175859"}],"wp:term":[{"taxonomy":"product_categories","embeddable":true,"href":"https:\/\/api.ibilimenaje.com\/es\/wp-json\/wp\/v2\/product_categories?post=61175859"}],"curies":[{"name":"wp","href":"https:\/\/api.w.org\/{rel}","templated":true}]}}

PRESENTACIÓN DE ENTREMESES CON EL ENCANTO NATURAL DE LA ACACIA

Este plato de madera de acacia está disponible en 7 tamaños, desde 16 hasta 28 cm de diámetro.#BR#<ul><li>La madera está tratada con revestimiento de aceite alimentario, que garantiza su seguridad en el contacto con alimentos.</li>#BR#<li>Ideal para presentar una variedad de entremeses como pulpo, embutidos, quesos, entre otros.</li>#BR#<li>Para su cuidado, se recomienda lavar a mano y secar con un paño inmediatamente después.</li>
