{"id":61237304,"date":"2026-04-30T22:23:21","date_gmt":"2026-04-30T22:23:21","guid":{"rendered":"https:\/\/api.ibilimenaje.com\/productos\/59667-taper-de-vidrio-templado-cuadrado-air-vent\/"},"modified":"2026-04-30T22:23:21","modified_gmt":"2026-04-30T22:23:21","slug":"59667-taper-de-vidrio-templado-cuadrado-air-vent","status":"publish","type":"productos","link":"https:\/\/api.ibilimenaje.com\/es\/productos\/59667-taper-de-vidrio-templado-cuadrado-air-vent\/","title":{"rendered":"59667-taper-de-vidrio-templado-cuadrado-air-vent"},"content":{"rendered":"<p>t\u00e1per cuadrado, t\u00e1per vidrio templado, t\u00e1per air vent, recipiente herm\u00e9tico, conservaci\u00f3n alimentos 696903 696905 696908 696912 Vidrio Templado T\u00e1pers tupers contendores envases  ##8411922478945##8411922478952##8411922478969##8411922478976## ###basic###  ####61151778####  #@#-es_ES#@#72400-es_ES#@#6009-es_ES#@# <\/p>\n","protected":false},"featured_media":61237312,"template":"","product_categories":[72400,6009],"class_list":["post-61237304","productos","type-productos","status-publish","has-post-thumbnail","hentry","product_categories-conservacion-2800","product_categories-varios-mesa-cocina-2730","entry"],"acf":{"titulo_visible":"T\u00e1per de Vidrio Templado Cuadrado Air Vent","subtitle":"CONSERVACI\u00d3N SEGURA Y F\u00c1CIL","collection":[61151778],"is_new":false,"description":"T\u00e1per cuadrado de vidrio templado con tapa herm\u00e9tica y v\u00e1lvula Air Vent que libera el vac\u00edo para facilitar la apertura.#BR#<ul><li>Ideal para conservar alimentos frescos y transportarlos con seguridad.<\/li>","tags_up":"","tags_down":"[\"https:\/\/api.ibilimenaje.com\/wp-content\/uploads\/2026\/04\/IMAGE__IMPORTED_69f3d10d480b7_temperature-max-300-min-20.svg\",\"https:\/\/api.ibilimenaje.com\/wp-content\/uploads\/2026\/04\/IMAGE__IMPORTED_69f3d10d480b7_microwave.svg\",\"https:\/\/api.ibilimenaje.com\/wp-content\/uploads\/2026\/04\/IMAGE__IMPORTED_69f3d10d480b7_dishwasher.svg\",\"https:\/\/api.ibilimenaje.com\/wp-content\/uploads\/2026\/04\/IMAGE__IMPORTED_69f3d10d480b7_freezer.svg\",\"https:\/\/api.ibilimenaje.com\/wp-content\/uploads\/2026\/04\/IMAGE__IMPORTED_69f3d10d480b7_oven-no.svg\"]","images":"[\"https:\/\/api.ibilimenaje.com\/wp-content\/uploads\/2026\/04\/IMAGE__IMPORTED_69f3d10d480b7_696903.jpg\",\"https:\/\/api.ibilimenaje.com\/wp-content\/uploads\/2026\/04\/IMAGE__IMPORTED_69f3d10d480b7_696903A.jpg\",\"https:\/\/api.ibilimenaje.com\/wp-content\/uploads\/2026\/04\/IMAGE__IMPORTED_69f3d10d480b7_696903B.jpg\",\"https:\/\/api.ibilimenaje.com\/wp-content\/uploads\/2026\/04\/IMAGE__IMPORTED_69f3d10d480b7_696903C.jpg\"]","sizes":"[{\"Ref.\":\"696903\",\"L (cm)\":\"11,9\",\"W (cm)\":\"11,9\",\"H (cm)\":\"6,1\",\"Lts\":\"0,32\",\"https:\/\/api.ibilimenaje.com\/wp-content\/uploads\/2026\/04\/IMAGE__IMPORTED_69f3d10d480b7_ue.svg\":\"4\/24\",\"Bar Code\":\"8411922478945\"},{\"Ref.\":\"696905\",\"L (cm)\":\"13,7\",\"W (cm)\":\"13,7\",\"H (cm)\":\"6,8\",\"Lts\":\"0,52\",\"https:\/\/api.ibilimenaje.com\/wp-content\/uploads\/2026\/04\/IMAGE__IMPORTED_69f3d10d480b7_ue.svg\":\"4\/24\",\"Bar Code\":\"8411922478952\"},{\"Ref.\":\"696908\",\"L (cm)\":\"15,8\",\"W (cm)\":\"15,8\",\"H (cm)\":\"7,4\",\"Lts\":\"0,80\",\"https:\/\/api.ibilimenaje.com\/wp-content\/uploads\/2026\/04\/IMAGE__IMPORTED_69f3d10d480b7_ue.svg\":\"4\/12\",\"Bar Code\":\"8411922478969\"},{\"Ref.\":\"696912\",\"L (cm)\":\"18,5\",\"W (cm)\":\"18,5\",\"H (cm)\":\"7,5\",\"Lts\":\"1,20\",\"https:\/\/api.ibilimenaje.com\/wp-content\/uploads\/2026\/04\/IMAGE__IMPORTED_69f3d10d480b7_ue.svg\":\"4\/12\",\"Bar Code\":\"8411922478976\"}]","features":"Herm\u00e9tico","related_products":"[{\"title\":\"Tu00e1per Tritan 1500ml\",\"uri\":\"\/productos\/3625-taper-tritan-1500ml\",\"imgsrc\":\"https:\/\/api.ibilimenaje.com\/wp-content\/uploads\/2026\/04\/IMAGE__IMPORTED_69f3d10d480b7_790415.jpg\"},{\"title\":\"Tu00e1per Cuadrado Keepklin\",\"uri\":\"\/productos\/59657-taper-cuadrado-keepklin\",\"imgsrc\":\"https:\/\/api.ibilimenaje.com\/wp-content\/uploads\/2026\/04\/IMAGE__IMPORTED_69f3d10d480b7_669203.jpg\"},{\"title\":\"Tu00e1per de Vidrio Templado Cuadrado\",\"uri\":\"\/productos\/59665-taper-de-vidrio-templado-cuadrado\",\"imgsrc\":\"https:\/\/api.ibilimenaje.com\/wp-content\/uploads\/2026\/04\/IMAGE__IMPORTED_69f3d10d480b7_696703.jpg\"},{\"title\":\"Tu00e1per de Vidrio Templado Rectangular Air Vent\",\"uri\":\"\/productos\/59666-taper-de-vidrio-templado-rectangular-air-vent\",\"imgsrc\":\"https:\/\/api.ibilimenaje.com\/wp-content\/uploads\/2026\/04\/IMAGE__IMPORTED_69f3d10d480b7_696803.jpg\"}]","video":"","related_article":"","materials":"[\"Vidrio Templado\"]","qr_redirect":"[\"https:\/\/www.ibilimenaje.com\/es\/p\/products\/d\/59667-taper-de-vidrio-templado-cuadrado-air-vent\",\"https:\/\/www.ibilimenaje.com\/es\/p\/products\/d\/59667-taper-de-vidrio-templado-cuadrado-air-vent\",\"https:\/\/www.ibilimenaje.com\/es\/p\/products\/d\/59667-taper-de-vidrio-templado-cuadrado-air-vent\",\"https:\/\/www.ibilimenaje.com\/es\/p\/products\/d\/59667-taper-de-vidrio-templado-cuadrado-air-vent\"]","downloads":""},"yoast_head":"<!-- This site is optimized with the Yoast SEO plugin v22.6 - https:\/\/yoast.com\/wordpress\/plugins\/seo\/ -->\n<title>59667-taper-de-vidrio-templado-cuadrado-air-vent - Ibili Stage<\/title>\n<meta name=\"robots\" content=\"noindex, follow, max-snippet:-1, max-image-preview:large, max-video-preview:-1\" \/>\n<meta property=\"og:locale\" content=\"es_ES\" \/>\n<meta property=\"og:type\" content=\"article\" \/>\n<meta property=\"og:title\" content=\"59667-taper-de-vidrio-templado-cuadrado-air-vent - Ibili Stage\" \/>\n<meta property=\"og:description\" content=\"t\u00e1per cuadrado, t\u00e1per vidrio templado, t\u00e1per air vent, recipiente herm\u00e9tico, conservaci\u00f3n alimentos 696903 696905 696908 696912 Vidrio Templado T\u00e1pers tupers contendores envases ##8411922478945##8411922478952##8411922478969##8411922478976## ###basic### ####61151778#### #@#-es_ES#@#72400-es_ES#@#6009-es_ES#@#\" \/>\n<meta property=\"og:url\" content=\"https:\/\/api.ibilimenaje.com\/es\/productos\/59667-taper-de-vidrio-templado-cuadrado-air-vent\/\" \/>\n<meta property=\"og:site_name\" content=\"Ibili Stage\" \/>\n<meta name=\"twitter:card\" content=\"summary_large_image\" \/>\n<script type=\"application\/ld+json\" class=\"yoast-schema-graph\">{\"@context\":\"https:\/\/schema.org\",\"@graph\":[{\"@type\":\"WebPage\",\"@id\":\"https:\/\/api.ibilimenaje.com\/es\/productos\/59667-taper-de-vidrio-templado-cuadrado-air-vent\/\",\"url\":\"https:\/\/api.ibilimenaje.com\/es\/productos\/59667-taper-de-vidrio-templado-cuadrado-air-vent\/\",\"name\":\"59667-taper-de-vidrio-templado-cuadrado-air-vent - Ibili Stage\",\"isPartOf\":{\"@id\":\"https:\/\/api.ibilimenaje.com\/es\/#website\"},\"primaryImageOfPage\":{\"@id\":\"https:\/\/api.ibilimenaje.com\/es\/productos\/59667-taper-de-vidrio-templado-cuadrado-air-vent\/#primaryimage\"},\"image\":{\"@id\":\"https:\/\/api.ibilimenaje.com\/es\/productos\/59667-taper-de-vidrio-templado-cuadrado-air-vent\/#primaryimage\"},\"thumbnailUrl\":\"https:\/\/api.ibilimenaje.com\/wp-content\/uploads\/2026\/04\/IMAGE__IMPORTED_69f3d10d480b7_696903.jpg\",\"datePublished\":\"2026-04-30T22:23:21+00:00\",\"dateModified\":\"2026-04-30T22:23:21+00:00\",\"breadcrumb\":{\"@id\":\"https:\/\/api.ibilimenaje.com\/es\/productos\/59667-taper-de-vidrio-templado-cuadrado-air-vent\/#breadcrumb\"},\"inLanguage\":\"es\",\"potentialAction\":[{\"@type\":\"ReadAction\",\"target\":[\"https:\/\/api.ibilimenaje.com\/es\/productos\/59667-taper-de-vidrio-templado-cuadrado-air-vent\/\"]}]},{\"@type\":\"ImageObject\",\"inLanguage\":\"es\",\"@id\":\"https:\/\/api.ibilimenaje.com\/es\/productos\/59667-taper-de-vidrio-templado-cuadrado-air-vent\/#primaryimage\",\"url\":\"https:\/\/api.ibilimenaje.com\/wp-content\/uploads\/2026\/04\/IMAGE__IMPORTED_69f3d10d480b7_696903.jpg\",\"contentUrl\":\"https:\/\/api.ibilimenaje.com\/wp-content\/uploads\/2026\/04\/IMAGE__IMPORTED_69f3d10d480b7_696903.jpg\",\"width\":900,\"height\":900},{\"@type\":\"BreadcrumbList\",\"@id\":\"https:\/\/api.ibilimenaje.com\/es\/productos\/59667-taper-de-vidrio-templado-cuadrado-air-vent\/#breadcrumb\",\"itemListElement\":[{\"@type\":\"ListItem\",\"position\":1,\"name\":\"Portada\",\"item\":\"https:\/\/api.ibilimenaje.com\/es\/\"},{\"@type\":\"ListItem\",\"position\":2,\"name\":\"59667-taper-de-vidrio-templado-cuadrado-air-vent\"}]},{\"@type\":\"WebSite\",\"@id\":\"https:\/\/api.ibilimenaje.com\/es\/#website\",\"url\":\"https:\/\/api.ibilimenaje.com\/es\/\",\"name\":\"Ibili Stage\",\"description\":\"Otro sitio realizado con WordPress\",\"potentialAction\":[{\"@type\":\"SearchAction\",\"target\":{\"@type\":\"EntryPoint\",\"urlTemplate\":\"https:\/\/api.ibilimenaje.com\/es\/?s={search_term_string}\"},\"query-input\":\"required name=search_term_string\"}],\"inLanguage\":\"es\"}]}<\/script>\n<!-- \/ Yoast SEO plugin. -->","yoast_head_json":{"title":"59667-taper-de-vidrio-templado-cuadrado-air-vent - Ibili Stage","robots":{"index":"noindex","follow":"follow","max-snippet":"max-snippet:-1","max-image-preview":"max-image-preview:large","max-video-preview":"max-video-preview:-1"},"og_locale":"es_ES","og_type":"article","og_title":"59667-taper-de-vidrio-templado-cuadrado-air-vent - Ibili Stage","og_description":"t\u00e1per cuadrado, t\u00e1per vidrio templado, t\u00e1per air vent, recipiente herm\u00e9tico, conservaci\u00f3n alimentos 696903 696905 696908 696912 Vidrio Templado T\u00e1pers tupers contendores envases ##8411922478945##8411922478952##8411922478969##8411922478976## ###basic### ####61151778#### #@#-es_ES#@#72400-es_ES#@#6009-es_ES#@#","og_url":"https:\/\/api.ibilimenaje.com\/es\/productos\/59667-taper-de-vidrio-templado-cuadrado-air-vent\/","og_site_name":"Ibili Stage","twitter_card":"summary_large_image","schema":{"@context":"https:\/\/schema.org","@graph":[{"@type":"WebPage","@id":"https:\/\/api.ibilimenaje.com\/es\/productos\/59667-taper-de-vidrio-templado-cuadrado-air-vent\/","url":"https:\/\/api.ibilimenaje.com\/es\/productos\/59667-taper-de-vidrio-templado-cuadrado-air-vent\/","name":"59667-taper-de-vidrio-templado-cuadrado-air-vent - Ibili Stage","isPartOf":{"@id":"https:\/\/api.ibilimenaje.com\/es\/#website"},"primaryImageOfPage":{"@id":"https:\/\/api.ibilimenaje.com\/es\/productos\/59667-taper-de-vidrio-templado-cuadrado-air-vent\/#primaryimage"},"image":{"@id":"https:\/\/api.ibilimenaje.com\/es\/productos\/59667-taper-de-vidrio-templado-cuadrado-air-vent\/#primaryimage"},"thumbnailUrl":"https:\/\/api.ibilimenaje.com\/wp-content\/uploads\/2026\/04\/IMAGE__IMPORTED_69f3d10d480b7_696903.jpg","datePublished":"2026-04-30T22:23:21+00:00","dateModified":"2026-04-30T22:23:21+00:00","breadcrumb":{"@id":"https:\/\/api.ibilimenaje.com\/es\/productos\/59667-taper-de-vidrio-templado-cuadrado-air-vent\/#breadcrumb"},"inLanguage":"es","potentialAction":[{"@type":"ReadAction","target":["https:\/\/api.ibilimenaje.com\/es\/productos\/59667-taper-de-vidrio-templado-cuadrado-air-vent\/"]}]},{"@type":"ImageObject","inLanguage":"es","@id":"https:\/\/api.ibilimenaje.com\/es\/productos\/59667-taper-de-vidrio-templado-cuadrado-air-vent\/#primaryimage","url":"https:\/\/api.ibilimenaje.com\/wp-content\/uploads\/2026\/04\/IMAGE__IMPORTED_69f3d10d480b7_696903.jpg","contentUrl":"https:\/\/api.ibilimenaje.com\/wp-content\/uploads\/2026\/04\/IMAGE__IMPORTED_69f3d10d480b7_696903.jpg","width":900,"height":900},{"@type":"BreadcrumbList","@id":"https:\/\/api.ibilimenaje.com\/es\/productos\/59667-taper-de-vidrio-templado-cuadrado-air-vent\/#breadcrumb","itemListElement":[{"@type":"ListItem","position":1,"name":"Portada","item":"https:\/\/api.ibilimenaje.com\/es\/"},{"@type":"ListItem","position":2,"name":"59667-taper-de-vidrio-templado-cuadrado-air-vent"}]},{"@type":"WebSite","@id":"https:\/\/api.ibilimenaje.com\/es\/#website","url":"https:\/\/api.ibilimenaje.com\/es\/","name":"Ibili Stage","description":"Otro sitio realizado con WordPress","potentialAction":[{"@type":"SearchAction","target":{"@type":"EntryPoint","urlTemplate":"https:\/\/api.ibilimenaje.com\/es\/?s={search_term_string}"},"query-input":"required name=search_term_string"}],"inLanguage":"es"}]}},"_links":{"self":[{"href":"https:\/\/api.ibilimenaje.com\/es\/wp-json\/wp\/v2\/productos\/61237304","targetHints":{"allow":["GET"]}}],"collection":[{"href":"https:\/\/api.ibilimenaje.com\/es\/wp-json\/wp\/v2\/productos"}],"about":[{"href":"https:\/\/api.ibilimenaje.com\/es\/wp-json\/wp\/v2\/types\/productos"}],"acf:post":[{"embeddable":true,"href":"https:\/\/api.ibilimenaje.com\/es\/wp-json\/wp\/v2\/colecciones\/61151778"}],"wp:featuredmedia":[{"embeddable":true,"href":"https:\/\/api.ibilimenaje.com\/es\/wp-json\/wp\/v2\/media\/61237312"}],"wp:attachment":[{"href":"https:\/\/api.ibilimenaje.com\/es\/wp-json\/wp\/v2\/media?parent=61237304"}],"wp:term":[{"taxonomy":"product_categories","embeddable":true,"href":"https:\/\/api.ibilimenaje.com\/es\/wp-json\/wp\/v2\/product_categories?post=61237304"}],"curies":[{"name":"wp","href":"https:\/\/api.w.org\/{rel}","templated":true}]}}

<p>táper cuadrado, táper vidrio templado, táper air vent, recipiente hermético, conservación alimentos 696903 696905 696908 696912 Vidrio Templado Tápers tupers contendores envases  ##8411922478945##8411922478952##8411922478969##8411922478976## ###basic###  ####61151778####  #@#-es_ES#@#72400-es_ES#@#6009-es_ES#@# </p>

Táper de Vidrio Templado Cuadrado Air Vent

CONSERVACIÓN SEGURA Y FÁCIL

Táper cuadrado de vidrio templado con tapa hermética y válvula Air Vent que libera el vacío para facilitar la apertura.#BR#<ul><li>Ideal para conservar alimentos frescos y transportarlos con seguridad.</li>

Hermético

<!-- This site is optimized with the Yoast SEO plugin v22.6 - https://yoast.com/wordpress/plugins/seo/ -->
<title>59667-taper-de-vidrio-templado-cuadrado-air-vent - Ibili Stage</title>
<meta name="robots" content="noindex, follow, max-snippet:-1, max-image-preview:large, max-video-preview:-1" />
<meta property="og:locale" content="es_ES" />
<meta property="og:type" content="article" />
<meta property="og:title" content="59667-taper-de-vidrio-templado-cuadrado-air-vent - Ibili Stage" />
<meta property="og:description" content="táper cuadrado, táper vidrio templado, táper air vent, recipiente hermético, conservación alimentos 696903 696905 696908 696912 Vidrio Templado Tápers tupers contendores envases ##8411922478945##8411922478952##8411922478969##8411922478976## ###basic### ####61151778#### #@#-es_ES#@#72400-es_ES#@#6009-es_ES#@#" />
<meta property="og:url" content="https://api.ibilimenaje.com/es/productos/59667-taper-de-vidrio-templado-cuadrado-air-vent/" />
<meta property="og:site_name" content="Ibili Stage" />
<meta name="twitter:card" content="summary_large_image" />
<script type="application/ld+json" class="yoast-schema-graph">{"@context":"https://schema.org","@graph":[{"@type":"WebPage","@id":"https://api.ibilimenaje.com/es/productos/59667-taper-de-vidrio-templado-cuadrado-air-vent/","url":"https://api.ibilimenaje.com/es/productos/59667-taper-de-vidrio-templado-cuadrado-air-vent/","name":"59667-taper-de-vidrio-templado-cuadrado-air-vent - Ibili Stage","isPartOf":{"@id":"https://api.ibilimenaje.com/es/#website"},"primaryImageOfPage":{"@id":"https://api.ibilimenaje.com/es/productos/59667-taper-de-vidrio-templado-cuadrado-air-vent/#primaryimage"},"image":{"@id":"https://api.ibilimenaje.com/es/productos/59667-taper-de-vidrio-templado-cuadrado-air-vent/#primaryimage"},"thumbnailUrl":"https://api.ibilimenaje.com/wp-content/uploads/2026/04/IMAGE__IMPORTED_69f3d10d480b7_696903.jpg","datePublished":"2026-04-30T22:23:21+00:00","dateModified":"2026-04-30T22:23:21+00:00","breadcrumb":{"@id":"https://api.ibilimenaje.com/es/productos/59667-taper-de-vidrio-templado-cuadrado-air-vent/#breadcrumb"},"inLanguage":"es","potentialAction":[{"@type":"ReadAction","target":["https://api.ibilimenaje.com/es/productos/59667-taper-de-vidrio-templado-cuadrado-air-vent/"]}]},{"@type":"ImageObject","inLanguage":"es","@id":"https://api.ibilimenaje.com/es/productos/59667-taper-de-vidrio-templado-cuadrado-air-vent/#primaryimage","url":"https://api.ibilimenaje.com/wp-content/uploads/2026/04/IMAGE__IMPORTED_69f3d10d480b7_696903.jpg","contentUrl":"https://api.ibilimenaje.com/wp-content/uploads/2026/04/IMAGE__IMPORTED_69f3d10d480b7_696903.jpg","width":900,"height":900},{"@type":"BreadcrumbList","@id":"https://api.ibilimenaje.com/es/productos/59667-taper-de-vidrio-templado-cuadrado-air-vent/#breadcrumb","itemListElement":[{"@type":"ListItem","position":1,"name":"Portada","item":"https://api.ibilimenaje.com/es/"},{"@type":"ListItem","position":2,"name":"59667-taper-de-vidrio-templado-cuadrado-air-vent"}]},{"@type":"WebSite","@id":"https://api.ibilimenaje.com/es/#website","url":"https://api.ibilimenaje.com/es/","name":"Ibili Stage","description":"Otro sitio realizado con WordPress","potentialAction":[{"@type":"SearchAction","target":{"@type":"EntryPoint","urlTemplate":"https://api.ibilimenaje.com/es/?s={search_term_string}"},"query-input":"required name=search_term_string"}],"inLanguage":"es"}]}</script>
<!-- / Yoast SEO plugin. -->

táper cuadrado, táper vidrio templado, táper air vent, recipiente hermético, conservación alimentos 696903 696905 696908 696912 Vidrio Templado Tápers tupers contendores envases ##8411922478945##8411922478952##8411922478969##8411922478976## ###basic### ####61151778#### #@#-es_ES#@#72400-es_ES#@#6009-es_ES#@#
