{"id":60890551,"date":"2026-04-28T22:01:54","date_gmt":"2026-04-28T22:01:54","guid":{"rendered":"https:\/\/api.ibilimenaje.com\/productos\/49861-moule-cake-karamel\/"},"modified":"2026-04-28T22:01:54","modified_gmt":"2026-04-28T22:01:54","slug":"49861-moule-cake-karamel","status":"publish","type":"productos","link":"https:\/\/api.ibilimenaje.com\/fr-ca\/productos\/49861-moule-cake-karamel\/","title":{"rendered":"49861-moule-cake-karamel"},"content":{"rendered":"<p>Moule \u00e0 Brioche, rectangulaire, moule en acier, rouge, moule rouge, moule \u00e0 g\u00e2teau, bundt, 373325 373330 Plaque D&#8217;Acier Moule \u00e0 cake  ##8411922476484##8411922476491## ###karamel###  ####35889607####  #@#-fr_CA#@#72081-fr_CA#@#5979-fr_CA#@# <\/p>\n","protected":false},"featured_media":60890588,"template":"","product_categories":[72081,5979],"class_list":["post-60890551","productos","type-productos","status-publish","has-post-thumbnail","hentry","product_categories-moldes-2772","product_categories-reposteria-2728","entry"],"acf":{"titulo_visible":"Moule Cake Karamel","subtitle":"MOULE RECTANGULAIRE, DISPONIBLE EN 30 ET 25CM","collection":[35889607],"is_new":false,"description":"Le Moule \u00e0 Brioche Karamel, qui fait partie de la collection Karamel, est id\u00e9al pour la p\u00e2tisserie traditionnelle et les pr\u00e9parations diverses, offrant style et fonctionnalit\u00e9.#BR#<ul><li>Il est disponible en deux tailles : 30 cm et 25 cm de long.<\/li>#BR#<li>Fabriqu\u00e9 en acier au carbone, il est r\u00e9sistant aux rayures et garantit une longue dur\u00e9e de vie. <\/li>#BR#<li>Il peut cuire \u00e0 des temp\u00e9ratures allant jusqu'\u00e0 230\u00ba.<\/li>#BR#<li>Il est dot\u00e9 d'un rev\u00eatement antiadh\u00e9sif \u00e0 deux couches, sans BPA.<\/li>#BR#<li>Sa couleur rouge et son mat\u00e9riau apportent un style traditionnel \u00e0 la cuisine.<\/li>#BR#<li>Laver \u00e0 la main et essuyer imm\u00e9diatement apr\u00e8s utilisation. Ne passe pas au lave-vaisselle.<\/li>","tags_up":"","tags_down":"[\"https:\/\/api.ibilimenaje.com\/wp-content\/uploads\/2026\/04\/IMAGE__IMPORTED_69f12df4c402d_oven-2.svg\",\"https:\/\/api.ibilimenaje.com\/wp-content\/uploads\/2026\/04\/IMAGE__IMPORTED_69f12df4c402d_diswasher-no.svg\",\"https:\/\/api.ibilimenaje.com\/wp-content\/uploads\/2026\/04\/IMAGE__IMPORTED_69f12df4c402d_non-stick-layer-2.svg\",\"https:\/\/api.ibilimenaje.com\/wp-content\/uploads\/2026\/04\/IMAGE__IMPORTED_69f12df4c402d_PPG_Skandia_Xtreme.svg\"]","images":"[\"https:\/\/api.ibilimenaje.com\/wp-content\/uploads\/2026\/04\/IMAGE__IMPORTED_69f12df4c402d_373325-1.jpg\",\"https:\/\/api.ibilimenaje.com\/wp-content\/uploads\/2026\/04\/IMAGE__IMPORTED_69f12df4c402d_373325A-1.jpg\",\"https:\/\/api.ibilimenaje.com\/wp-content\/uploads\/2026\/04\/IMAGE__IMPORTED_69f12df4c402d_373325B-1.jpg\",\"https:\/\/api.ibilimenaje.com\/wp-content\/uploads\/2026\/04\/IMAGE__IMPORTED_69f12df4c402d_373330-1.jpg\",\"https:\/\/api.ibilimenaje.com\/wp-content\/uploads\/2026\/04\/IMAGE__IMPORTED_69f12df4c402d_373330A-1.jpg\",\"https:\/\/api.ibilimenaje.com\/wp-content\/uploads\/2026\/04\/IMAGE__IMPORTED_69f12df4c402d_373330B-1.jpg\"]","sizes":"[{\"Ref.\":\"373325\",\"L (cm)\":\"25\",\"W (cm)\":\"11\",\"H (cm)\":\"6,40\",\"https:\/\/api.ibilimenaje.com\/wp-content\/uploads\/2026\/04\/IMAGE__IMPORTED_69f12df4c402d_ue.svg\":\"6\",\"Bar Code\":\"8411922476484\"},{\"Ref.\":\"373330\",\"L (cm)\":\"30\",\"W (cm)\":\"11\",\"H (cm)\":\"6,40\",\"https:\/\/api.ibilimenaje.com\/wp-content\/uploads\/2026\/04\/IMAGE__IMPORTED_69f12df4c402d_ue.svg\":\"6\",\"Bar Code\":\"8411922476491\"}]","features":"","related_products":"[{\"title\":\"Moule Du00e9montable Cake avec Base Extra Moka\",\"uri\":\"\/productos\/4428-moule-demontable-cake-avec-base-extra-moka\",\"imgsrc\":\"https:\/\/api.ibilimenaje.com\/wp-content\/uploads\/2026\/04\/IMAGE__IMPORTED_69f12df4c402d_827130-1.jpg\"},{\"title\":\"Moule Cake Strawberry\",\"uri\":\"\/productos\/4528-moule-cake-strawberry\",\"imgsrc\":\"https:\/\/api.ibilimenaje.com\/wp-content\/uploads\/2026\/04\/IMAGE__IMPORTED_69f12df4c402d_875125-1.jpg\"},{\"title\":\"Pichet Graduu00e9 avec Anse\",\"uri\":\"\/productos\/47381-pichet-gradue-avec-anse\",\"imgsrc\":\"https:\/\/api.ibilimenaje.com\/wp-content\/uploads\/2026\/04\/IMAGE__IMPORTED_69f12df4c402d_481305-1.jpg\"},{\"title\":\"Spatule Silicone Nuuk\",\"uri\":\"\/productos\/49937-spatule-silicone-nuuk\",\"imgsrc\":\"https:\/\/api.ibilimenaje.com\/wp-content\/uploads\/2026\/04\/IMAGE__IMPORTED_69f12df4c402d_759410-1.jpg\"}]","video":"","related_article":"","materials":"[\"Plaque D'Acier\"]","qr_redirect":"[\"https:\/\/www.ibilimenaje.com\/es\/p\/products\/d\/49861-moldecakekaramel\",\"https:\/\/www.ibilimenaje.com\/es\/p\/products\/d\/49861-moldecakekaramel\"]","downloads":""},"yoast_head":"<!-- This site is optimized with the Yoast SEO plugin v22.6 - https:\/\/yoast.com\/wordpress\/plugins\/seo\/ -->\n<title>49861-moule-cake-karamel - Ibili Stage<\/title>\n<meta name=\"robots\" content=\"noindex, follow, max-snippet:-1, max-image-preview:large, max-video-preview:-1\" \/>\n<meta property=\"og:locale\" content=\"fr_CA\" \/>\n<meta property=\"og:type\" content=\"article\" \/>\n<meta property=\"og:title\" content=\"49861-moule-cake-karamel - Ibili Stage\" \/>\n<meta property=\"og:description\" content=\"Moule \u00e0 Brioche, rectangulaire, moule en acier, rouge, moule rouge, moule \u00e0 g\u00e2teau, bundt, 373325 373330 Plaque D&#8217;Acier Moule \u00e0 cake ##8411922476484##8411922476491## ###karamel### ####35889607#### #@#-fr_CA#@#72081-fr_CA#@#5979-fr_CA#@#\" \/>\n<meta property=\"og:url\" content=\"https:\/\/api.ibilimenaje.com\/es\/productos\/49861-moule-cake-karamel\/\" \/>\n<meta property=\"og:site_name\" content=\"Ibili Stage\" \/>\n<meta name=\"twitter:card\" content=\"summary_large_image\" \/>\n<script type=\"application\/ld+json\" class=\"yoast-schema-graph\">{\"@context\":\"https:\/\/schema.org\",\"@graph\":[{\"@type\":\"WebPage\",\"@id\":\"https:\/\/api.ibilimenaje.com\/es\/productos\/49861-moule-cake-karamel\/\",\"url\":\"https:\/\/api.ibilimenaje.com\/es\/productos\/49861-moule-cake-karamel\/\",\"name\":\"49861-moule-cake-karamel - Ibili Stage\",\"isPartOf\":{\"@id\":\"https:\/\/api.ibilimenaje.com\/es\/#website\"},\"primaryImageOfPage\":{\"@id\":\"https:\/\/api.ibilimenaje.com\/es\/productos\/49861-moule-cake-karamel\/#primaryimage\"},\"image\":{\"@id\":\"https:\/\/api.ibilimenaje.com\/es\/productos\/49861-moule-cake-karamel\/#primaryimage\"},\"thumbnailUrl\":\"https:\/\/api.ibilimenaje.com\/wp-content\/uploads\/2026\/04\/IMAGE__IMPORTED_69f12df4c402d_373325-1.jpg\",\"datePublished\":\"2026-04-28T22:01:54+00:00\",\"dateModified\":\"2026-04-28T22:01:54+00:00\",\"breadcrumb\":{\"@id\":\"https:\/\/api.ibilimenaje.com\/es\/productos\/49861-moule-cake-karamel\/#breadcrumb\"},\"inLanguage\":\"fr-CA\",\"potentialAction\":[{\"@type\":\"ReadAction\",\"target\":[\"https:\/\/api.ibilimenaje.com\/es\/productos\/49861-moule-cake-karamel\/\"]}]},{\"@type\":\"ImageObject\",\"inLanguage\":\"fr-CA\",\"@id\":\"https:\/\/api.ibilimenaje.com\/es\/productos\/49861-moule-cake-karamel\/#primaryimage\",\"url\":\"https:\/\/api.ibilimenaje.com\/wp-content\/uploads\/2026\/04\/IMAGE__IMPORTED_69f12df4c402d_373325-1.jpg\",\"contentUrl\":\"https:\/\/api.ibilimenaje.com\/wp-content\/uploads\/2026\/04\/IMAGE__IMPORTED_69f12df4c402d_373325-1.jpg\",\"width\":900,\"height\":900},{\"@type\":\"BreadcrumbList\",\"@id\":\"https:\/\/api.ibilimenaje.com\/es\/productos\/49861-moule-cake-karamel\/#breadcrumb\",\"itemListElement\":[{\"@type\":\"ListItem\",\"position\":1,\"name\":\"Portada\",\"item\":\"https:\/\/api.ibilimenaje.com\/es\/\"},{\"@type\":\"ListItem\",\"position\":2,\"name\":\"49861-moule-cake-karamel\"}]},{\"@type\":\"WebSite\",\"@id\":\"https:\/\/api.ibilimenaje.com\/es\/#website\",\"url\":\"https:\/\/api.ibilimenaje.com\/es\/\",\"name\":\"Ibili Stage\",\"description\":\"Otro sitio realizado con WordPress\",\"potentialAction\":[{\"@type\":\"SearchAction\",\"target\":{\"@type\":\"EntryPoint\",\"urlTemplate\":\"https:\/\/api.ibilimenaje.com\/es\/?s={search_term_string}\"},\"query-input\":\"required name=search_term_string\"}],\"inLanguage\":\"fr-CA\"}]}<\/script>\n<!-- \/ Yoast SEO plugin. -->","yoast_head_json":{"title":"49861-moule-cake-karamel - Ibili Stage","robots":{"index":"noindex","follow":"follow","max-snippet":"max-snippet:-1","max-image-preview":"max-image-preview:large","max-video-preview":"max-video-preview:-1"},"og_locale":"fr_CA","og_type":"article","og_title":"49861-moule-cake-karamel - Ibili Stage","og_description":"Moule \u00e0 Brioche, rectangulaire, moule en acier, rouge, moule rouge, moule \u00e0 g\u00e2teau, bundt, 373325 373330 Plaque D&#8217;Acier Moule \u00e0 cake ##8411922476484##8411922476491## ###karamel### ####35889607#### #@#-fr_CA#@#72081-fr_CA#@#5979-fr_CA#@#","og_url":"https:\/\/api.ibilimenaje.com\/es\/productos\/49861-moule-cake-karamel\/","og_site_name":"Ibili Stage","twitter_card":"summary_large_image","schema":{"@context":"https:\/\/schema.org","@graph":[{"@type":"WebPage","@id":"https:\/\/api.ibilimenaje.com\/es\/productos\/49861-moule-cake-karamel\/","url":"https:\/\/api.ibilimenaje.com\/es\/productos\/49861-moule-cake-karamel\/","name":"49861-moule-cake-karamel - Ibili Stage","isPartOf":{"@id":"https:\/\/api.ibilimenaje.com\/es\/#website"},"primaryImageOfPage":{"@id":"https:\/\/api.ibilimenaje.com\/es\/productos\/49861-moule-cake-karamel\/#primaryimage"},"image":{"@id":"https:\/\/api.ibilimenaje.com\/es\/productos\/49861-moule-cake-karamel\/#primaryimage"},"thumbnailUrl":"https:\/\/api.ibilimenaje.com\/wp-content\/uploads\/2026\/04\/IMAGE__IMPORTED_69f12df4c402d_373325-1.jpg","datePublished":"2026-04-28T22:01:54+00:00","dateModified":"2026-04-28T22:01:54+00:00","breadcrumb":{"@id":"https:\/\/api.ibilimenaje.com\/es\/productos\/49861-moule-cake-karamel\/#breadcrumb"},"inLanguage":"fr-CA","potentialAction":[{"@type":"ReadAction","target":["https:\/\/api.ibilimenaje.com\/es\/productos\/49861-moule-cake-karamel\/"]}]},{"@type":"ImageObject","inLanguage":"fr-CA","@id":"https:\/\/api.ibilimenaje.com\/es\/productos\/49861-moule-cake-karamel\/#primaryimage","url":"https:\/\/api.ibilimenaje.com\/wp-content\/uploads\/2026\/04\/IMAGE__IMPORTED_69f12df4c402d_373325-1.jpg","contentUrl":"https:\/\/api.ibilimenaje.com\/wp-content\/uploads\/2026\/04\/IMAGE__IMPORTED_69f12df4c402d_373325-1.jpg","width":900,"height":900},{"@type":"BreadcrumbList","@id":"https:\/\/api.ibilimenaje.com\/es\/productos\/49861-moule-cake-karamel\/#breadcrumb","itemListElement":[{"@type":"ListItem","position":1,"name":"Portada","item":"https:\/\/api.ibilimenaje.com\/es\/"},{"@type":"ListItem","position":2,"name":"49861-moule-cake-karamel"}]},{"@type":"WebSite","@id":"https:\/\/api.ibilimenaje.com\/es\/#website","url":"https:\/\/api.ibilimenaje.com\/es\/","name":"Ibili Stage","description":"Otro sitio realizado con WordPress","potentialAction":[{"@type":"SearchAction","target":{"@type":"EntryPoint","urlTemplate":"https:\/\/api.ibilimenaje.com\/es\/?s={search_term_string}"},"query-input":"required name=search_term_string"}],"inLanguage":"fr-CA"}]}},"_links":{"self":[{"href":"https:\/\/api.ibilimenaje.com\/fr-ca\/wp-json\/wp\/v2\/productos\/60890551","targetHints":{"allow":["GET"]}}],"collection":[{"href":"https:\/\/api.ibilimenaje.com\/fr-ca\/wp-json\/wp\/v2\/productos"}],"about":[{"href":"https:\/\/api.ibilimenaje.com\/fr-ca\/wp-json\/wp\/v2\/types\/productos"}],"acf:post":[{"embeddable":true,"href":"https:\/\/api.ibilimenaje.com\/fr-ca\/wp-json\/wp\/v2\/colecciones\/35889607"}],"wp:featuredmedia":[{"embeddable":true,"href":"https:\/\/api.ibilimenaje.com\/fr-ca\/wp-json\/wp\/v2\/media\/60890588"}],"wp:attachment":[{"href":"https:\/\/api.ibilimenaje.com\/fr-ca\/wp-json\/wp\/v2\/media?parent=60890551"}],"wp:term":[{"taxonomy":"product_categories","embeddable":true,"href":"https:\/\/api.ibilimenaje.com\/fr-ca\/wp-json\/wp\/v2\/product_categories?post=60890551"}],"curies":[{"name":"wp","href":"https:\/\/api.w.org\/{rel}","templated":true}]}}

<p>Moule à Brioche, rectangulaire, moule en acier, rouge, moule rouge, moule à gâteau, bundt, 373325 373330 Plaque D&#8217;Acier Moule à cake  ##8411922476484##8411922476491## ###karamel###  ####35889607####  #@#-fr_CA#@#72081-fr_CA#@#5979-fr_CA#@# </p>

Le Moule à Brioche Karamel, qui fait partie de la collection Karamel, est idéal pour la pâtisserie traditionnelle et les préparations diverses, offrant style et fonctionnalité.#BR#<ul><li>Il est disponible en deux tailles : 30 cm et 25 cm de long.</li>#BR#<li>Fabriqué en acier au carbone, il est résistant aux rayures et garantit une longue durée de vie. </li>#BR#<li>Il peut cuire à des températures allant jusqu'à 230º.</li>#BR#<li>Il est doté d'un revêtement antiadhésif à deux couches, sans BPA.</li>#BR#<li>Sa couleur rouge et son matériau apportent un style traditionnel à la cuisine.</li>#BR#<li>Laver à la main et essuyer immédiatement après utilisation. Ne passe pas au lave-vaisselle.</li>

<!-- This site is optimized with the Yoast SEO plugin v22.6 - https://yoast.com/wordpress/plugins/seo/ -->
<title>49861-moule-cake-karamel - Ibili Stage</title>
<meta name="robots" content="noindex, follow, max-snippet:-1, max-image-preview:large, max-video-preview:-1" />
<meta property="og:locale" content="fr_CA" />
<meta property="og:type" content="article" />
<meta property="og:title" content="49861-moule-cake-karamel - Ibili Stage" />
<meta property="og:description" content="Moule à Brioche, rectangulaire, moule en acier, rouge, moule rouge, moule à gâteau, bundt, 373325 373330 Plaque D&#8217;Acier Moule à cake ##8411922476484##8411922476491## ###karamel### ####35889607#### #@#-fr_CA#@#72081-fr_CA#@#5979-fr_CA#@#" />
<meta property="og:url" content="https://api.ibilimenaje.com/es/productos/49861-moule-cake-karamel/" />
<meta property="og:site_name" content="Ibili Stage" />
<meta name="twitter:card" content="summary_large_image" />
<script type="application/ld+json" class="yoast-schema-graph">{"@context":"https://schema.org","@graph":[{"@type":"WebPage","@id":"https://api.ibilimenaje.com/es/productos/49861-moule-cake-karamel/","url":"https://api.ibilimenaje.com/es/productos/49861-moule-cake-karamel/","name":"49861-moule-cake-karamel - Ibili Stage","isPartOf":{"@id":"https://api.ibilimenaje.com/es/#website"},"primaryImageOfPage":{"@id":"https://api.ibilimenaje.com/es/productos/49861-moule-cake-karamel/#primaryimage"},"image":{"@id":"https://api.ibilimenaje.com/es/productos/49861-moule-cake-karamel/#primaryimage"},"thumbnailUrl":"https://api.ibilimenaje.com/wp-content/uploads/2026/04/IMAGE__IMPORTED_69f12df4c402d_373325-1.jpg","datePublished":"2026-04-28T22:01:54+00:00","dateModified":"2026-04-28T22:01:54+00:00","breadcrumb":{"@id":"https://api.ibilimenaje.com/es/productos/49861-moule-cake-karamel/#breadcrumb"},"inLanguage":"fr-CA","potentialAction":[{"@type":"ReadAction","target":["https://api.ibilimenaje.com/es/productos/49861-moule-cake-karamel/"]}]},{"@type":"ImageObject","inLanguage":"fr-CA","@id":"https://api.ibilimenaje.com/es/productos/49861-moule-cake-karamel/#primaryimage","url":"https://api.ibilimenaje.com/wp-content/uploads/2026/04/IMAGE__IMPORTED_69f12df4c402d_373325-1.jpg","contentUrl":"https://api.ibilimenaje.com/wp-content/uploads/2026/04/IMAGE__IMPORTED_69f12df4c402d_373325-1.jpg","width":900,"height":900},{"@type":"BreadcrumbList","@id":"https://api.ibilimenaje.com/es/productos/49861-moule-cake-karamel/#breadcrumb","itemListElement":[{"@type":"ListItem","position":1,"name":"Portada","item":"https://api.ibilimenaje.com/es/"},{"@type":"ListItem","position":2,"name":"49861-moule-cake-karamel"}]},{"@type":"WebSite","@id":"https://api.ibilimenaje.com/es/#website","url":"https://api.ibilimenaje.com/es/","name":"Ibili Stage","description":"Otro sitio realizado con WordPress","potentialAction":[{"@type":"SearchAction","target":{"@type":"EntryPoint","urlTemplate":"https://api.ibilimenaje.com/es/?s={search_term_string}"},"query-input":"required name=search_term_string"}],"inLanguage":"fr-CA"}]}</script>
<!-- / Yoast SEO plugin. -->

Moule à Brioche, rectangulaire, moule en acier, rouge, moule rouge, moule à gâteau, bundt, 373325 373330 Plaque D&#8217;Acier Moule à cake ##8411922476484##8411922476491## ###karamel### ####35889607#### #@#-fr_CA#@#72081-fr_CA#@#5979-fr_CA#@#
