{"id":61057089,"date":"2026-04-29T22:20:25","date_gmt":"2026-04-29T22:20:25","guid":{"rendered":"https:\/\/api.ibilimenaje.com\/productos\/48126-moule-demontable-karamel\/"},"modified":"2026-04-29T22:20:25","modified_gmt":"2026-04-29T22:20:25","slug":"48126-moule-demontable-karamel","status":"publish","type":"productos","link":"https:\/\/api.ibilimenaje.com\/fr-ca\/productos\/48126-moule-demontable-karamel\/","title":{"rendered":"48126-moule-demontable-karamel"},"content":{"rendered":"<p>Moule D\u00e9montable, Karamel, moule rouge, moule pour friteuse, friteuse, friteuse, friteuse, rouge, moule en acier, moule en acier, friteuse, rouge 372520 Plaque D&#8217;Acier Moule d\u00e9montable  ##8411922476408## ###karamel###  ####35889607####  #@#-fr_CA#@#72171-fr_CA#@#5979-fr_CA#@# <\/p>\n","protected":false},"featured_media":61057126,"template":"","product_categories":[72171,5979],"class_list":["post-61057089","productos","type-productos","status-publish","has-post-thumbnail","hentry","product_categories-moldes-2772","product_categories-reposteria-2728","entry"],"acf":{"titulo_visible":"Moule D\u00e9montable Karamel","subtitle":"MOULE ROND ET AMOVIBLE DE 20 CM","collection":[35889607],"is_new":false,"description":"Le Moule D\u00e9montable Karamel, issu de la collection Karamel, est id\u00e9al pour la p\u00e2tisserie et diverses pr\u00e9parations.#BR#<ul><li>Ce moule amovible a un diam\u00e8tre de 20 cm.<\/li>#BR#<li>Gr\u00e2ce \u00e0 sa taille et \u00e0 son mat\u00e9riau r\u00e9sistant \u00e0 la chaleur, il peut \u00eatre utilis\u00e9 dans les friteuses. <\/li>#BR#<li>Fabriqu\u00e9 en acier au carbone, il est r\u00e9sistant aux rayures et garantit une longue dur\u00e9e de vie. <\/li>#BR#<li>Il peut cuire \u00e0 des temp\u00e9ratures allant jusqu'\u00e0 230\u00b0. <\/li>#BR#<li>Il est dot\u00e9 d'un rev\u00eatement antiadh\u00e9sif \u00e0 deux couches, sans BPA. <\/li>#BR#<li>Il est recommand\u00e9 de le laver \u00e0 la main et de le s\u00e9cher avec un chiffon imm\u00e9diatement apr\u00e8s usage. Ne passe pas au lave-vaisselle.<\/li>","tags_up":"","tags_down":"[\"https:\/\/api.ibilimenaje.com\/wp-content\/uploads\/2026\/04\/IMAGE__IMPORTED_69f27f6ebd2c8_oven-2.svg\",\"https:\/\/api.ibilimenaje.com\/wp-content\/uploads\/2026\/04\/IMAGE__IMPORTED_69f27f6ebd2c8_diswasher-no.svg\",\"https:\/\/api.ibilimenaje.com\/wp-content\/uploads\/2026\/04\/IMAGE__IMPORTED_69f27f6ebd2c8_non-stick-layer-2.svg\",\"https:\/\/api.ibilimenaje.com\/wp-content\/uploads\/2026\/04\/IMAGE__IMPORTED_69f27f6ebd2c8_PPG_Skandia_Xtreme.svg\"]","images":"[\"https:\/\/api.ibilimenaje.com\/wp-content\/uploads\/2026\/04\/IMAGE__IMPORTED_69f27f6ebd2c8_372520-1.jpg\",\"https:\/\/api.ibilimenaje.com\/wp-content\/uploads\/2026\/04\/IMAGE__IMPORTED_69f27f6ebd2c8_372520A-1.jpg\",\"https:\/\/api.ibilimenaje.com\/wp-content\/uploads\/2026\/04\/IMAGE__IMPORTED_69f27f6ebd2c8_372520B-1.jpg\"]","sizes":"[{\"Ref.\":\"372520\",\"https:\/\/api.ibilimenaje.com\/wp-content\/uploads\/2026\/04\/IMAGE__IMPORTED_69f27f6ebd2c8_diamcm.svg\":\"20\",\"H (cm)\":\"6,90\",\"https:\/\/api.ibilimenaje.com\/wp-content\/uploads\/2026\/04\/IMAGE__IMPORTED_69f27f6ebd2c8_ue-3.svg\":\"6\",\"Bar Code\":\"8411922476408\"}]","features":"","related_products":"[{\"title\":\"Moule Du00e9montable 2 Usages Moka\",\"uri\":\"\/productos\/4425-moule-demontable-2-usages-moka\",\"imgsrc\":\"https:\/\/api.ibilimenaje.com\/wp-content\/uploads\/2026\/04\/IMAGE__IMPORTED_69f27f6ebd2c8_820224-1.jpg\"},{\"title\":\"Pichet Graduu00e9 avec Anse\",\"uri\":\"\/productos\/47381-pichet-gradue-avec-anse\",\"imgsrc\":\"https:\/\/api.ibilimenaje.com\/wp-content\/uploads\/2026\/04\/IMAGE__IMPORTED_69f27f6ebd2c8_481305-1.jpg\"},{\"title\":\"Spatule Silicone Nuuk\",\"uri\":\"\/productos\/49937-spatule-silicone-nuuk\",\"imgsrc\":\"https:\/\/api.ibilimenaje.com\/wp-content\/uploads\/2026\/04\/IMAGE__IMPORTED_69f27f6ebd2c8_759410-1.jpg\"},{\"title\":\"Moule Amovible Rond avec Base en Verre\",\"uri\":\"\/productos\/5831-moule-amovible-rond-avec-base-en-verre\",\"imgsrc\":\"https:\/\/api.ibilimenaje.com\/wp-content\/uploads\/2026\/04\/IMAGE__IMPORTED_69f27f6ebd2c8_875700-1.jpg\"}]","video":"","related_article":"","materials":"[\"Plaque D'Acier\"]","qr_redirect":"[\"https:\/\/www.ibilimenaje.com\/es\/p\/products\/d\/48126-molde-desmontable-karamel\"]","downloads":""},"yoast_head":"<!-- This site is optimized with the Yoast SEO plugin v22.6 - https:\/\/yoast.com\/wordpress\/plugins\/seo\/ -->\n<title>48126-moule-demontable-karamel - Ibili Stage<\/title>\n<meta name=\"robots\" content=\"noindex, follow, max-snippet:-1, max-image-preview:large, max-video-preview:-1\" \/>\n<meta property=\"og:locale\" content=\"fr_CA\" \/>\n<meta property=\"og:type\" content=\"article\" \/>\n<meta property=\"og:title\" content=\"48126-moule-demontable-karamel - Ibili Stage\" \/>\n<meta property=\"og:description\" content=\"Moule D\u00e9montable, Karamel, moule rouge, moule pour friteuse, friteuse, friteuse, friteuse, rouge, moule en acier, moule en acier, friteuse, rouge 372520 Plaque D&#8217;Acier Moule d\u00e9montable ##8411922476408## ###karamel### ####35889607#### #@#-fr_CA#@#72171-fr_CA#@#5979-fr_CA#@#\" \/>\n<meta property=\"og:url\" content=\"https:\/\/api.ibilimenaje.com\/es\/productos\/48126-moule-demontable-karamel\/\" \/>\n<meta property=\"og:site_name\" content=\"Ibili Stage\" \/>\n<meta name=\"twitter:card\" content=\"summary_large_image\" \/>\n<script type=\"application\/ld+json\" class=\"yoast-schema-graph\">{\"@context\":\"https:\/\/schema.org\",\"@graph\":[{\"@type\":\"WebPage\",\"@id\":\"https:\/\/api.ibilimenaje.com\/es\/productos\/48126-moule-demontable-karamel\/\",\"url\":\"https:\/\/api.ibilimenaje.com\/es\/productos\/48126-moule-demontable-karamel\/\",\"name\":\"48126-moule-demontable-karamel - Ibili Stage\",\"isPartOf\":{\"@id\":\"https:\/\/api.ibilimenaje.com\/es\/#website\"},\"primaryImageOfPage\":{\"@id\":\"https:\/\/api.ibilimenaje.com\/es\/productos\/48126-moule-demontable-karamel\/#primaryimage\"},\"image\":{\"@id\":\"https:\/\/api.ibilimenaje.com\/es\/productos\/48126-moule-demontable-karamel\/#primaryimage\"},\"thumbnailUrl\":\"https:\/\/api.ibilimenaje.com\/wp-content\/uploads\/2026\/04\/IMAGE__IMPORTED_69f27f6ebd2c8_372520-1.jpg\",\"datePublished\":\"2026-04-29T22:20:25+00:00\",\"dateModified\":\"2026-04-29T22:20:25+00:00\",\"breadcrumb\":{\"@id\":\"https:\/\/api.ibilimenaje.com\/es\/productos\/48126-moule-demontable-karamel\/#breadcrumb\"},\"inLanguage\":\"fr-CA\",\"potentialAction\":[{\"@type\":\"ReadAction\",\"target\":[\"https:\/\/api.ibilimenaje.com\/es\/productos\/48126-moule-demontable-karamel\/\"]}]},{\"@type\":\"ImageObject\",\"inLanguage\":\"fr-CA\",\"@id\":\"https:\/\/api.ibilimenaje.com\/es\/productos\/48126-moule-demontable-karamel\/#primaryimage\",\"url\":\"https:\/\/api.ibilimenaje.com\/wp-content\/uploads\/2026\/04\/IMAGE__IMPORTED_69f27f6ebd2c8_372520-1.jpg\",\"contentUrl\":\"https:\/\/api.ibilimenaje.com\/wp-content\/uploads\/2026\/04\/IMAGE__IMPORTED_69f27f6ebd2c8_372520-1.jpg\",\"width\":900,\"height\":900},{\"@type\":\"BreadcrumbList\",\"@id\":\"https:\/\/api.ibilimenaje.com\/es\/productos\/48126-moule-demontable-karamel\/#breadcrumb\",\"itemListElement\":[{\"@type\":\"ListItem\",\"position\":1,\"name\":\"Portada\",\"item\":\"https:\/\/api.ibilimenaje.com\/es\/\"},{\"@type\":\"ListItem\",\"position\":2,\"name\":\"48126-moule-demontable-karamel\"}]},{\"@type\":\"WebSite\",\"@id\":\"https:\/\/api.ibilimenaje.com\/es\/#website\",\"url\":\"https:\/\/api.ibilimenaje.com\/es\/\",\"name\":\"Ibili Stage\",\"description\":\"Otro sitio realizado con WordPress\",\"potentialAction\":[{\"@type\":\"SearchAction\",\"target\":{\"@type\":\"EntryPoint\",\"urlTemplate\":\"https:\/\/api.ibilimenaje.com\/es\/?s={search_term_string}\"},\"query-input\":\"required name=search_term_string\"}],\"inLanguage\":\"fr-CA\"}]}<\/script>\n<!-- \/ Yoast SEO plugin. -->","yoast_head_json":{"title":"48126-moule-demontable-karamel - Ibili Stage","robots":{"index":"noindex","follow":"follow","max-snippet":"max-snippet:-1","max-image-preview":"max-image-preview:large","max-video-preview":"max-video-preview:-1"},"og_locale":"fr_CA","og_type":"article","og_title":"48126-moule-demontable-karamel - Ibili Stage","og_description":"Moule D\u00e9montable, Karamel, moule rouge, moule pour friteuse, friteuse, friteuse, friteuse, rouge, moule en acier, moule en acier, friteuse, rouge 372520 Plaque D&#8217;Acier Moule d\u00e9montable ##8411922476408## ###karamel### ####35889607#### #@#-fr_CA#@#72171-fr_CA#@#5979-fr_CA#@#","og_url":"https:\/\/api.ibilimenaje.com\/es\/productos\/48126-moule-demontable-karamel\/","og_site_name":"Ibili Stage","twitter_card":"summary_large_image","schema":{"@context":"https:\/\/schema.org","@graph":[{"@type":"WebPage","@id":"https:\/\/api.ibilimenaje.com\/es\/productos\/48126-moule-demontable-karamel\/","url":"https:\/\/api.ibilimenaje.com\/es\/productos\/48126-moule-demontable-karamel\/","name":"48126-moule-demontable-karamel - Ibili Stage","isPartOf":{"@id":"https:\/\/api.ibilimenaje.com\/es\/#website"},"primaryImageOfPage":{"@id":"https:\/\/api.ibilimenaje.com\/es\/productos\/48126-moule-demontable-karamel\/#primaryimage"},"image":{"@id":"https:\/\/api.ibilimenaje.com\/es\/productos\/48126-moule-demontable-karamel\/#primaryimage"},"thumbnailUrl":"https:\/\/api.ibilimenaje.com\/wp-content\/uploads\/2026\/04\/IMAGE__IMPORTED_69f27f6ebd2c8_372520-1.jpg","datePublished":"2026-04-29T22:20:25+00:00","dateModified":"2026-04-29T22:20:25+00:00","breadcrumb":{"@id":"https:\/\/api.ibilimenaje.com\/es\/productos\/48126-moule-demontable-karamel\/#breadcrumb"},"inLanguage":"fr-CA","potentialAction":[{"@type":"ReadAction","target":["https:\/\/api.ibilimenaje.com\/es\/productos\/48126-moule-demontable-karamel\/"]}]},{"@type":"ImageObject","inLanguage":"fr-CA","@id":"https:\/\/api.ibilimenaje.com\/es\/productos\/48126-moule-demontable-karamel\/#primaryimage","url":"https:\/\/api.ibilimenaje.com\/wp-content\/uploads\/2026\/04\/IMAGE__IMPORTED_69f27f6ebd2c8_372520-1.jpg","contentUrl":"https:\/\/api.ibilimenaje.com\/wp-content\/uploads\/2026\/04\/IMAGE__IMPORTED_69f27f6ebd2c8_372520-1.jpg","width":900,"height":900},{"@type":"BreadcrumbList","@id":"https:\/\/api.ibilimenaje.com\/es\/productos\/48126-moule-demontable-karamel\/#breadcrumb","itemListElement":[{"@type":"ListItem","position":1,"name":"Portada","item":"https:\/\/api.ibilimenaje.com\/es\/"},{"@type":"ListItem","position":2,"name":"48126-moule-demontable-karamel"}]},{"@type":"WebSite","@id":"https:\/\/api.ibilimenaje.com\/es\/#website","url":"https:\/\/api.ibilimenaje.com\/es\/","name":"Ibili Stage","description":"Otro sitio realizado con WordPress","potentialAction":[{"@type":"SearchAction","target":{"@type":"EntryPoint","urlTemplate":"https:\/\/api.ibilimenaje.com\/es\/?s={search_term_string}"},"query-input":"required name=search_term_string"}],"inLanguage":"fr-CA"}]}},"_links":{"self":[{"href":"https:\/\/api.ibilimenaje.com\/fr-ca\/wp-json\/wp\/v2\/productos\/61057089","targetHints":{"allow":["GET"]}}],"collection":[{"href":"https:\/\/api.ibilimenaje.com\/fr-ca\/wp-json\/wp\/v2\/productos"}],"about":[{"href":"https:\/\/api.ibilimenaje.com\/fr-ca\/wp-json\/wp\/v2\/types\/productos"}],"acf:post":[{"embeddable":true,"href":"https:\/\/api.ibilimenaje.com\/fr-ca\/wp-json\/wp\/v2\/colecciones\/35889607"}],"wp:featuredmedia":[{"embeddable":true,"href":"https:\/\/api.ibilimenaje.com\/fr-ca\/wp-json\/wp\/v2\/media\/61057126"}],"wp:attachment":[{"href":"https:\/\/api.ibilimenaje.com\/fr-ca\/wp-json\/wp\/v2\/media?parent=61057089"}],"wp:term":[{"taxonomy":"product_categories","embeddable":true,"href":"https:\/\/api.ibilimenaje.com\/fr-ca\/wp-json\/wp\/v2\/product_categories?post=61057089"}],"curies":[{"name":"wp","href":"https:\/\/api.w.org\/{rel}","templated":true}]}}

<p>Moule Démontable, Karamel, moule rouge, moule pour friteuse, friteuse, friteuse, friteuse, rouge, moule en acier, moule en acier, friteuse, rouge 372520 Plaque D&#8217;Acier Moule démontable  ##8411922476408## ###karamel###  ####35889607####  #@#-fr_CA#@#72171-fr_CA#@#5979-fr_CA#@# </p>

Moule Démontable Karamel

Le Moule Démontable Karamel, issu de la collection Karamel, est idéal pour la pâtisserie et diverses préparations.#BR#<ul><li>Ce moule amovible a un diamètre de 20 cm.</li>#BR#<li>Grâce à sa taille et à son matériau résistant à la chaleur, il peut être utilisé dans les friteuses. </li>#BR#<li>Fabriqué en acier au carbone, il est résistant aux rayures et garantit une longue durée de vie. </li>#BR#<li>Il peut cuire à des températures allant jusqu'à 230°. </li>#BR#<li>Il est doté d'un revêtement antiadhésif à deux couches, sans BPA. </li>#BR#<li>Il est recommandé de le laver à la main et de le sécher avec un chiffon immédiatement après usage. Ne passe pas au lave-vaisselle.</li>

<!-- This site is optimized with the Yoast SEO plugin v22.6 - https://yoast.com/wordpress/plugins/seo/ -->
<title>48126-moule-demontable-karamel - Ibili Stage</title>
<meta name="robots" content="noindex, follow, max-snippet:-1, max-image-preview:large, max-video-preview:-1" />
<meta property="og:locale" content="fr_CA" />
<meta property="og:type" content="article" />
<meta property="og:title" content="48126-moule-demontable-karamel - Ibili Stage" />
<meta property="og:description" content="Moule Démontable, Karamel, moule rouge, moule pour friteuse, friteuse, friteuse, friteuse, rouge, moule en acier, moule en acier, friteuse, rouge 372520 Plaque D&#8217;Acier Moule démontable ##8411922476408## ###karamel### ####35889607#### #@#-fr_CA#@#72171-fr_CA#@#5979-fr_CA#@#" />
<meta property="og:url" content="https://api.ibilimenaje.com/es/productos/48126-moule-demontable-karamel/" />
<meta property="og:site_name" content="Ibili Stage" />
<meta name="twitter:card" content="summary_large_image" />
<script type="application/ld+json" class="yoast-schema-graph">{"@context":"https://schema.org","@graph":[{"@type":"WebPage","@id":"https://api.ibilimenaje.com/es/productos/48126-moule-demontable-karamel/","url":"https://api.ibilimenaje.com/es/productos/48126-moule-demontable-karamel/","name":"48126-moule-demontable-karamel - Ibili Stage","isPartOf":{"@id":"https://api.ibilimenaje.com/es/#website"},"primaryImageOfPage":{"@id":"https://api.ibilimenaje.com/es/productos/48126-moule-demontable-karamel/#primaryimage"},"image":{"@id":"https://api.ibilimenaje.com/es/productos/48126-moule-demontable-karamel/#primaryimage"},"thumbnailUrl":"https://api.ibilimenaje.com/wp-content/uploads/2026/04/IMAGE__IMPORTED_69f27f6ebd2c8_372520-1.jpg","datePublished":"2026-04-29T22:20:25+00:00","dateModified":"2026-04-29T22:20:25+00:00","breadcrumb":{"@id":"https://api.ibilimenaje.com/es/productos/48126-moule-demontable-karamel/#breadcrumb"},"inLanguage":"fr-CA","potentialAction":[{"@type":"ReadAction","target":["https://api.ibilimenaje.com/es/productos/48126-moule-demontable-karamel/"]}]},{"@type":"ImageObject","inLanguage":"fr-CA","@id":"https://api.ibilimenaje.com/es/productos/48126-moule-demontable-karamel/#primaryimage","url":"https://api.ibilimenaje.com/wp-content/uploads/2026/04/IMAGE__IMPORTED_69f27f6ebd2c8_372520-1.jpg","contentUrl":"https://api.ibilimenaje.com/wp-content/uploads/2026/04/IMAGE__IMPORTED_69f27f6ebd2c8_372520-1.jpg","width":900,"height":900},{"@type":"BreadcrumbList","@id":"https://api.ibilimenaje.com/es/productos/48126-moule-demontable-karamel/#breadcrumb","itemListElement":[{"@type":"ListItem","position":1,"name":"Portada","item":"https://api.ibilimenaje.com/es/"},{"@type":"ListItem","position":2,"name":"48126-moule-demontable-karamel"}]},{"@type":"WebSite","@id":"https://api.ibilimenaje.com/es/#website","url":"https://api.ibilimenaje.com/es/","name":"Ibili Stage","description":"Otro sitio realizado con WordPress","potentialAction":[{"@type":"SearchAction","target":{"@type":"EntryPoint","urlTemplate":"https://api.ibilimenaje.com/es/?s={search_term_string}"},"query-input":"required name=search_term_string"}],"inLanguage":"fr-CA"}]}</script>
<!-- / Yoast SEO plugin. -->

Moule Démontable, Karamel, moule rouge, moule pour friteuse, friteuse, friteuse, friteuse, rouge, moule en acier, moule en acier, friteuse, rouge 372520 Plaque D&#8217;Acier Moule démontable ##8411922476408## ###karamel### ####35889607#### #@#-fr_CA#@#72171-fr_CA#@#5979-fr_CA#@#
