{"id":61176047,"date":"2026-04-30T22:08:18","date_gmt":"2026-04-30T22:08:18","guid":{"rendered":"https:\/\/api.ibilimenaje.com\/productos\/47408-assiette-en-bois\/"},"modified":"2026-04-30T22:08:18","modified_gmt":"2026-04-30T22:08:18","slug":"47408-assiette-en-bois","status":"publish","type":"productos","link":"https:\/\/api.ibilimenaje.com\/fr-ca\/productos\/47408-assiette-en-bois\/","title":{"rendered":"47408-assiette-en-bois"},"content":{"rendered":"<p>691216 691218 691220 691222 691224 691226 691228 Bois d&#8217;acacia Assiette  ##8411922475661##8411922475678##8411922475685##8411922475692##8411922475708##8411922475715##8411922475722## ###madera###  ####559724####  #@#-fr_CA#@#72411-fr_CA#@#6009-fr_CA#@# <\/p>\n","protected":false},"featured_media":61176081,"template":"","product_categories":[72411,6009],"class_list":["post-61176047","productos","type-productos","status-publish","has-post-thumbnail","hentry","product_categories-utensilios-2812","product_categories-varios-mesa-cocina-2730","entry"],"acf":{"titulo_visible":"Assiette en Bois","subtitle":"PR\u00c9SENTATION D'AMUSE-GUEULES AVEC LE CHARME NATUREL DE L'ACACIA","collection":[559724],"is_new":false,"description":"Cette assiette en bois d'acacia est disponible en 7 tailles, de 16 \u00e0 28 cm de diam\u00e8tre.#BR#<ul><li>Le bois est trait\u00e9 avec un rev\u00eatement d'huile alimentaire, ce qui garantit sa s\u00e9curit\u00e9 au contact des aliments.<\/li>#BR#<li>Id\u00e9al pour pr\u00e9senter une vari\u00e9t\u00e9 d'entr\u00e9es telles que des poulpes, des charcuteries, des fromages, entre autres.<\/li>#BR#<li>Pour son entretien, il est recommand\u00e9 de le laver \u00e0 la main et de le s\u00e9cher imm\u00e9diatement avec un chiffon.<\/li>","tags_up":"","tags_down":"","images":"[\"https:\/\/api.ibilimenaje.com\/wp-content\/uploads\/2026\/04\/IMAGE__IMPORTED_69f3d10d480b7_691216-1.jpg\",\"https:\/\/api.ibilimenaje.com\/wp-content\/uploads\/2026\/04\/IMAGE__IMPORTED_69f3d10d480b7_691216A-1.jpg\",\"https:\/\/api.ibilimenaje.com\/wp-content\/uploads\/2026\/04\/IMAGE__IMPORTED_69f3d10d480b7_691216B-1.jpg\",\"https:\/\/api.ibilimenaje.com\/wp-content\/uploads\/2026\/04\/IMAGE__IMPORTED_69f3d10d480b7_691216C-1.jpg\"]","sizes":"[{\"Ref.\":\"691216\",\"https:\/\/api.ibilimenaje.com\/wp-content\/uploads\/2026\/04\/IMAGE__IMPORTED_69f3d10d480b7_diamcm.svg\":\"16\",\"H (mm)\":\"21,5\",\"https:\/\/api.ibilimenaje.com\/wp-content\/uploads\/2026\/04\/IMAGE__IMPORTED_69f3d10d480b7_ue.svg\":\"4\/24\",\"Bar Code\":\"8411922475661\"},{\"Ref.\":\"691218\",\"https:\/\/api.ibilimenaje.com\/wp-content\/uploads\/2026\/04\/IMAGE__IMPORTED_69f3d10d480b7_diamcm.svg\":\"18\",\"H (mm)\":\"21,5\",\"https:\/\/api.ibilimenaje.com\/wp-content\/uploads\/2026\/04\/IMAGE__IMPORTED_69f3d10d480b7_ue.svg\":\"4\/24\",\"Bar Code\":\"8411922475678\"},{\"Ref.\":\"691220\",\"https:\/\/api.ibilimenaje.com\/wp-content\/uploads\/2026\/04\/IMAGE__IMPORTED_69f3d10d480b7_diamcm.svg\":\"20\",\"H (mm)\":\"21,5\",\"https:\/\/api.ibilimenaje.com\/wp-content\/uploads\/2026\/04\/IMAGE__IMPORTED_69f3d10d480b7_ue.svg\":\"4\/24\",\"Bar Code\":\"8411922475685\"},{\"Ref.\":\"691222\",\"https:\/\/api.ibilimenaje.com\/wp-content\/uploads\/2026\/04\/IMAGE__IMPORTED_69f3d10d480b7_diamcm.svg\":\"22\",\"H (mm)\":\"21,5\",\"https:\/\/api.ibilimenaje.com\/wp-content\/uploads\/2026\/04\/IMAGE__IMPORTED_69f3d10d480b7_ue.svg\":\"4\/24\",\"Bar Code\":\"8411922475692\"},{\"Ref.\":\"691224\",\"https:\/\/api.ibilimenaje.com\/wp-content\/uploads\/2026\/04\/IMAGE__IMPORTED_69f3d10d480b7_diamcm.svg\":\"24\",\"H (mm)\":\"21,5\",\"https:\/\/api.ibilimenaje.com\/wp-content\/uploads\/2026\/04\/IMAGE__IMPORTED_69f3d10d480b7_ue.svg\":\"4\/24\",\"Bar Code\":\"8411922475708\"},{\"Ref.\":\"691226\",\"https:\/\/api.ibilimenaje.com\/wp-content\/uploads\/2026\/04\/IMAGE__IMPORTED_69f3d10d480b7_diamcm.svg\":\"26\",\"H (mm)\":\"21,5\",\"https:\/\/api.ibilimenaje.com\/wp-content\/uploads\/2026\/04\/IMAGE__IMPORTED_69f3d10d480b7_ue.svg\":\"4\/24\",\"Bar Code\":\"8411922475715\"},{\"Ref.\":\"691228\",\"https:\/\/api.ibilimenaje.com\/wp-content\/uploads\/2026\/04\/IMAGE__IMPORTED_69f3d10d480b7_diamcm.svg\":\"28\",\"H (mm)\":\"21,5\",\"https:\/\/api.ibilimenaje.com\/wp-content\/uploads\/2026\/04\/IMAGE__IMPORTED_69f3d10d480b7_ue.svg\":\"4\/24\",\"Bar Code\":\"8411922475722\"}]","features":"","related_products":"[{\"title\":\"Jeu Couteaux u00e0 Fromage\",\"uri\":\"\/productos\/3716-jeu-couteaux-a-fromage\",\"imgsrc\":\"https:\/\/api.ibilimenaje.com\/wp-content\/uploads\/2026\/04\/IMAGE__IMPORTED_69f3d10d480b7_782750-1.jpg\"},{\"title\":\"Du00e9coupeur de Fromage et Chocolat \"La Girolle\"\",\"uri\":\"\/productos\/4723-decoupeur-de-fromage-et-chocolat-la-girolle\",\"imgsrc\":\"https:\/\/api.ibilimenaje.com\/wp-content\/uploads\/2026\/04\/IMAGE__IMPORTED_69f3d10d480b7_788100-1.jpg\"},{\"title\":\"Ru00e9cipient pour Sauces Vintage Peche\",\"uri\":\"\/productos\/5785-recipient-pour-sauces-vintage-peche\",\"imgsrc\":\"https:\/\/api.ibilimenaje.com\/wp-content\/uploads\/2026\/04\/IMAGE__IMPORTED_69f3d10d480b7_941600-1.jpg\"},{\"title\":\"Seau Vintage Petrol 8cm\",\"uri\":\"\/productos\/8730-seau-vintage-petrol-8cm\",\"imgsrc\":\"https:\/\/api.ibilimenaje.com\/wp-content\/uploads\/2026\/04\/IMAGE__IMPORTED_69f3d10d480b7_942101-1.jpg\"}]","video":"","related_article":"","materials":"[\"Bois d'acacia\"]","qr_redirect":"[\"https:\/\/www.ibilimenaje.com\/es\/p\/products\/d\/47408-plato-de-madera\",\"https:\/\/www.ibilimenaje.com\/es\/p\/products\/d\/47408-plato-de-madera\",\"https:\/\/www.ibilimenaje.com\/es\/p\/products\/d\/47408-plato-de-madera\",\"https:\/\/www.ibilimenaje.com\/es\/p\/products\/d\/47408-plato-de-madera\",\"https:\/\/www.ibilimenaje.com\/es\/p\/products\/d\/47408-plato-de-madera\",\"https:\/\/www.ibilimenaje.com\/es\/p\/products\/d\/47408-plato-de-madera\",\"https:\/\/www.ibilimenaje.com\/es\/p\/products\/d\/47408-plato-de-madera\"]","downloads":""},"yoast_head":"<!-- This site is optimized with the Yoast SEO plugin v22.6 - https:\/\/yoast.com\/wordpress\/plugins\/seo\/ -->\n<title>47408-assiette-en-bois - Ibili Stage<\/title>\n<meta name=\"robots\" content=\"noindex, follow, max-snippet:-1, max-image-preview:large, max-video-preview:-1\" \/>\n<meta property=\"og:locale\" content=\"fr_CA\" \/>\n<meta property=\"og:type\" content=\"article\" \/>\n<meta property=\"og:title\" content=\"47408-assiette-en-bois - Ibili Stage\" \/>\n<meta property=\"og:description\" content=\"691216 691218 691220 691222 691224 691226 691228 Bois d&#8217;acacia Assiette ##8411922475661##8411922475678##8411922475685##8411922475692##8411922475708##8411922475715##8411922475722## ###madera### ####559724#### #@#-fr_CA#@#72411-fr_CA#@#6009-fr_CA#@#\" \/>\n<meta property=\"og:url\" content=\"https:\/\/api.ibilimenaje.com\/es\/productos\/47408-assiette-en-bois\/\" \/>\n<meta property=\"og:site_name\" content=\"Ibili Stage\" \/>\n<meta name=\"twitter:card\" content=\"summary_large_image\" \/>\n<script type=\"application\/ld+json\" class=\"yoast-schema-graph\">{\"@context\":\"https:\/\/schema.org\",\"@graph\":[{\"@type\":\"WebPage\",\"@id\":\"https:\/\/api.ibilimenaje.com\/es\/productos\/47408-assiette-en-bois\/\",\"url\":\"https:\/\/api.ibilimenaje.com\/es\/productos\/47408-assiette-en-bois\/\",\"name\":\"47408-assiette-en-bois - Ibili Stage\",\"isPartOf\":{\"@id\":\"https:\/\/api.ibilimenaje.com\/es\/#website\"},\"primaryImageOfPage\":{\"@id\":\"https:\/\/api.ibilimenaje.com\/es\/productos\/47408-assiette-en-bois\/#primaryimage\"},\"image\":{\"@id\":\"https:\/\/api.ibilimenaje.com\/es\/productos\/47408-assiette-en-bois\/#primaryimage\"},\"thumbnailUrl\":\"https:\/\/api.ibilimenaje.com\/wp-content\/uploads\/2026\/04\/IMAGE__IMPORTED_69f3d10d480b7_691216-1.jpg\",\"datePublished\":\"2026-04-30T22:08:18+00:00\",\"dateModified\":\"2026-04-30T22:08:18+00:00\",\"breadcrumb\":{\"@id\":\"https:\/\/api.ibilimenaje.com\/es\/productos\/47408-assiette-en-bois\/#breadcrumb\"},\"inLanguage\":\"fr-CA\",\"potentialAction\":[{\"@type\":\"ReadAction\",\"target\":[\"https:\/\/api.ibilimenaje.com\/es\/productos\/47408-assiette-en-bois\/\"]}]},{\"@type\":\"ImageObject\",\"inLanguage\":\"fr-CA\",\"@id\":\"https:\/\/api.ibilimenaje.com\/es\/productos\/47408-assiette-en-bois\/#primaryimage\",\"url\":\"https:\/\/api.ibilimenaje.com\/wp-content\/uploads\/2026\/04\/IMAGE__IMPORTED_69f3d10d480b7_691216-1.jpg\",\"contentUrl\":\"https:\/\/api.ibilimenaje.com\/wp-content\/uploads\/2026\/04\/IMAGE__IMPORTED_69f3d10d480b7_691216-1.jpg\",\"width\":900,\"height\":600},{\"@type\":\"BreadcrumbList\",\"@id\":\"https:\/\/api.ibilimenaje.com\/es\/productos\/47408-assiette-en-bois\/#breadcrumb\",\"itemListElement\":[{\"@type\":\"ListItem\",\"position\":1,\"name\":\"Portada\",\"item\":\"https:\/\/api.ibilimenaje.com\/es\/\"},{\"@type\":\"ListItem\",\"position\":2,\"name\":\"47408-assiette-en-bois\"}]},{\"@type\":\"WebSite\",\"@id\":\"https:\/\/api.ibilimenaje.com\/es\/#website\",\"url\":\"https:\/\/api.ibilimenaje.com\/es\/\",\"name\":\"Ibili Stage\",\"description\":\"Otro sitio realizado con WordPress\",\"potentialAction\":[{\"@type\":\"SearchAction\",\"target\":{\"@type\":\"EntryPoint\",\"urlTemplate\":\"https:\/\/api.ibilimenaje.com\/es\/?s={search_term_string}\"},\"query-input\":\"required name=search_term_string\"}],\"inLanguage\":\"fr-CA\"}]}<\/script>\n<!-- \/ Yoast SEO plugin. -->","yoast_head_json":{"title":"47408-assiette-en-bois - Ibili Stage","robots":{"index":"noindex","follow":"follow","max-snippet":"max-snippet:-1","max-image-preview":"max-image-preview:large","max-video-preview":"max-video-preview:-1"},"og_locale":"fr_CA","og_type":"article","og_title":"47408-assiette-en-bois - Ibili Stage","og_description":"691216 691218 691220 691222 691224 691226 691228 Bois d&#8217;acacia Assiette ##8411922475661##8411922475678##8411922475685##8411922475692##8411922475708##8411922475715##8411922475722## ###madera### ####559724#### #@#-fr_CA#@#72411-fr_CA#@#6009-fr_CA#@#","og_url":"https:\/\/api.ibilimenaje.com\/es\/productos\/47408-assiette-en-bois\/","og_site_name":"Ibili Stage","twitter_card":"summary_large_image","schema":{"@context":"https:\/\/schema.org","@graph":[{"@type":"WebPage","@id":"https:\/\/api.ibilimenaje.com\/es\/productos\/47408-assiette-en-bois\/","url":"https:\/\/api.ibilimenaje.com\/es\/productos\/47408-assiette-en-bois\/","name":"47408-assiette-en-bois - Ibili Stage","isPartOf":{"@id":"https:\/\/api.ibilimenaje.com\/es\/#website"},"primaryImageOfPage":{"@id":"https:\/\/api.ibilimenaje.com\/es\/productos\/47408-assiette-en-bois\/#primaryimage"},"image":{"@id":"https:\/\/api.ibilimenaje.com\/es\/productos\/47408-assiette-en-bois\/#primaryimage"},"thumbnailUrl":"https:\/\/api.ibilimenaje.com\/wp-content\/uploads\/2026\/04\/IMAGE__IMPORTED_69f3d10d480b7_691216-1.jpg","datePublished":"2026-04-30T22:08:18+00:00","dateModified":"2026-04-30T22:08:18+00:00","breadcrumb":{"@id":"https:\/\/api.ibilimenaje.com\/es\/productos\/47408-assiette-en-bois\/#breadcrumb"},"inLanguage":"fr-CA","potentialAction":[{"@type":"ReadAction","target":["https:\/\/api.ibilimenaje.com\/es\/productos\/47408-assiette-en-bois\/"]}]},{"@type":"ImageObject","inLanguage":"fr-CA","@id":"https:\/\/api.ibilimenaje.com\/es\/productos\/47408-assiette-en-bois\/#primaryimage","url":"https:\/\/api.ibilimenaje.com\/wp-content\/uploads\/2026\/04\/IMAGE__IMPORTED_69f3d10d480b7_691216-1.jpg","contentUrl":"https:\/\/api.ibilimenaje.com\/wp-content\/uploads\/2026\/04\/IMAGE__IMPORTED_69f3d10d480b7_691216-1.jpg","width":900,"height":600},{"@type":"BreadcrumbList","@id":"https:\/\/api.ibilimenaje.com\/es\/productos\/47408-assiette-en-bois\/#breadcrumb","itemListElement":[{"@type":"ListItem","position":1,"name":"Portada","item":"https:\/\/api.ibilimenaje.com\/es\/"},{"@type":"ListItem","position":2,"name":"47408-assiette-en-bois"}]},{"@type":"WebSite","@id":"https:\/\/api.ibilimenaje.com\/es\/#website","url":"https:\/\/api.ibilimenaje.com\/es\/","name":"Ibili Stage","description":"Otro sitio realizado con WordPress","potentialAction":[{"@type":"SearchAction","target":{"@type":"EntryPoint","urlTemplate":"https:\/\/api.ibilimenaje.com\/es\/?s={search_term_string}"},"query-input":"required name=search_term_string"}],"inLanguage":"fr-CA"}]}},"_links":{"self":[{"href":"https:\/\/api.ibilimenaje.com\/fr-ca\/wp-json\/wp\/v2\/productos\/61176047","targetHints":{"allow":["GET"]}}],"collection":[{"href":"https:\/\/api.ibilimenaje.com\/fr-ca\/wp-json\/wp\/v2\/productos"}],"about":[{"href":"https:\/\/api.ibilimenaje.com\/fr-ca\/wp-json\/wp\/v2\/types\/productos"}],"acf:post":[{"embeddable":true,"href":"https:\/\/api.ibilimenaje.com\/fr-ca\/wp-json\/wp\/v2\/colecciones\/559724"}],"wp:featuredmedia":[{"embeddable":true,"href":"https:\/\/api.ibilimenaje.com\/fr-ca\/wp-json\/wp\/v2\/media\/61176081"}],"wp:attachment":[{"href":"https:\/\/api.ibilimenaje.com\/fr-ca\/wp-json\/wp\/v2\/media?parent=61176047"}],"wp:term":[{"taxonomy":"product_categories","embeddable":true,"href":"https:\/\/api.ibilimenaje.com\/fr-ca\/wp-json\/wp\/v2\/product_categories?post=61176047"}],"curies":[{"name":"wp","href":"https:\/\/api.w.org\/{rel}","templated":true}]}}

PRÉSENTATION D'AMUSE-GUEULES AVEC LE CHARME NATUREL DE L'ACACIA

Cette assiette en bois d'acacia est disponible en 7 tailles, de 16 à 28 cm de diamètre.#BR#<ul><li>Le bois est traité avec un revêtement d'huile alimentaire, ce qui garantit sa sécurité au contact des aliments.</li>#BR#<li>Idéal pour présenter une variété d'entrées telles que des poulpes, des charcuteries, des fromages, entre autres.</li>#BR#<li>Pour son entretien, il est recommandé de le laver à la main et de le sécher immédiatement avec un chiffon.</li>
