{"id":61180890,"date":"2026-04-30T22:09:29","date_gmt":"2026-04-30T22:09:29","guid":{"rendered":"https:\/\/api.ibilimenaje.com\/productos\/2896-cafetiere-express\/"},"modified":"2026-04-30T22:09:29","modified_gmt":"2026-04-30T22:09:29","slug":"2896-cafetiere-express","status":"publish","type":"productos","link":"https:\/\/api.ibilimenaje.com\/fr-ca\/productos\/2896-cafetiere-express\/","title":{"rendered":"2896-cafetiere-express"},"content":{"rendered":"<p>611002 611004 611006 611010 611015 Acier Inoxydable 18\/10 Cafeti\u00e8re expresso  ##8411922449730##8411922449747##8411922449754##8411922449761##8411922451535## ###moca-2###  ####27792820####  #@#72377-fr_CA#@#5953-fr_CA#@# <\/p>\n","protected":false},"featured_media":61180913,"template":"","product_categories":[5953,72377],"class_list":["post-61180890","productos","type-productos","status-publish","has-post-thumbnail","hentry","product_categories-cafe-y-te-2726","product_categories-cafeteras-express-2744","entry"],"acf":{"titulo_visible":"Cafeti\u00e8re Express","subtitle":"MOKA CAFETI\u00c8RE EXPRESSO INOX","collection":[27792820],"is_new":false,"description":"Cafeti\u00e8re express Moka. Manche en acier inoxydable et bak\u00e9lite. Convient \u00e0 tous les feux.","tags_up":"[\"https:\/\/api.ibilimenaje.com\/wp-content\/uploads\/2026\/04\/IMAGE__IMPORTED_69f3d10d480b7_induction.svg\",\"https:\/\/api.ibilimenaje.com\/wp-content\/uploads\/2026\/04\/IMAGE__IMPORTED_69f3d10d480b7_vitro.svg\",\"https:\/\/api.ibilimenaje.com\/wp-content\/uploads\/2026\/04\/IMAGE__IMPORTED_69f3d10d480b7_electric.svg\",\"https:\/\/api.ibilimenaje.com\/wp-content\/uploads\/2026\/04\/IMAGE__IMPORTED_69f3d10d480b7_gas.svg\"]","tags_down":"[\"https:\/\/api.ibilimenaje.com\/wp-content\/uploads\/2026\/04\/IMAGE__IMPORTED_69f3d10d480b7_dishwasher.svg\"]","images":"[\"https:\/\/api.ibilimenaje.com\/wp-content\/uploads\/2026\/04\/IMAGE__IMPORTED_69f3d10d480b7_611002-1.jpg\",\"https:\/\/api.ibilimenaje.com\/wp-content\/uploads\/2026\/04\/IMAGE__IMPORTED_69f3d10d480b7_611002A-1.jpg\",\"https:\/\/api.ibilimenaje.com\/wp-content\/uploads\/2026\/04\/IMAGE__IMPORTED_69f3d10d480b7_611002B-1.jpg\"]","sizes":"[{\"Ref.\":\"611002\",\"https:\/\/api.ibilimenaje.com\/wp-content\/uploads\/2026\/04\/IMAGE__IMPORTED_69f3d10d480b7_cup.svg\":\"2\",\"ml\":\"100\",\"https:\/\/api.ibilimenaje.com\/wp-content\/uploads\/2026\/04\/IMAGE__IMPORTED_69f3d10d480b7_ue.svg\":\"1\/6\",\"Bar Code\":\"8411922449730\"},{\"Ref.\":\"611004\",\"https:\/\/api.ibilimenaje.com\/wp-content\/uploads\/2026\/04\/IMAGE__IMPORTED_69f3d10d480b7_cup.svg\":\"4\",\"ml\":\"185\",\"https:\/\/api.ibilimenaje.com\/wp-content\/uploads\/2026\/04\/IMAGE__IMPORTED_69f3d10d480b7_ue.svg\":\"1\/6\",\"Bar Code\":\"8411922449747\"},{\"Ref.\":\"611006\",\"https:\/\/api.ibilimenaje.com\/wp-content\/uploads\/2026\/04\/IMAGE__IMPORTED_69f3d10d480b7_cup.svg\":\"6\",\"ml\":\"280\",\"https:\/\/api.ibilimenaje.com\/wp-content\/uploads\/2026\/04\/IMAGE__IMPORTED_69f3d10d480b7_ue.svg\":\"1\/6\",\"Bar Code\":\"8411922449754\"},{\"Ref.\":\"611010\",\"https:\/\/api.ibilimenaje.com\/wp-content\/uploads\/2026\/04\/IMAGE__IMPORTED_69f3d10d480b7_cup.svg\":\"10\",\"ml\":\"460\",\"https:\/\/api.ibilimenaje.com\/wp-content\/uploads\/2026\/04\/IMAGE__IMPORTED_69f3d10d480b7_ue.svg\":\"1\/6\",\"Bar Code\":\"8411922449761\"},{\"Ref.\":\"611015\",\"https:\/\/api.ibilimenaje.com\/wp-content\/uploads\/2026\/04\/IMAGE__IMPORTED_69f3d10d480b7_cup.svg\":\"15\",\"ml\":\"700\",\"https:\/\/api.ibilimenaje.com\/wp-content\/uploads\/2026\/04\/IMAGE__IMPORTED_69f3d10d480b7_ue.svg\":\"1\/6\",\"Bar Code\":\"8411922451535\"}]","features":"Poign\u00e9e En Bak\u00e9lite","related_products":"[{\"title\":\"Cafetiu00e9re Express Elba Blue\",\"uri\":\"\/productos\/16163-cafetiere-express-elba-blue\",\"imgsrc\":\"https:\/\/api.ibilimenaje.com\/wp-content\/uploads\/2026\/04\/IMAGE__IMPORTED_69f3d10d480b7_629303-1.jpg\"},{\"title\":\"Cafetiu00e8re Express Essential\",\"uri\":\"\/productos\/2889-cafetiere-express-essential\",\"imgsrc\":\"https:\/\/api.ibilimenaje.com\/wp-content\/uploads\/2026\/04\/IMAGE__IMPORTED_69f3d10d480b7_620302-1.jpg\"},{\"title\":\"Cafetiu00e8re Express Moca Rosso\",\"uri\":\"\/productos\/47374-cafetiere-express-moca-rosso\",\"imgsrc\":\"https:\/\/api.ibilimenaje.com\/wp-content\/uploads\/2026\/04\/IMAGE__IMPORTED_69f3d10d480b7_629702-1.jpg\"},{\"title\":\"Cafetiu00e8re Express Moca Blu\",\"uri\":\"\/productos\/47375-cafetiere-express-moca-blu\",\"imgsrc\":\"https:\/\/api.ibilimenaje.com\/wp-content\/uploads\/2026\/04\/IMAGE__IMPORTED_69f3d10d480b7_629802-1.jpg\"},{\"title\":\"Cafetiu00e8re Express Moca Cupra\",\"uri\":\"\/productos\/47376-cafetiere-express-moca-cupra\",\"imgsrc\":\"https:\/\/api.ibilimenaje.com\/wp-content\/uploads\/2026\/04\/IMAGE__IMPORTED_69f3d10d480b7_629902-1.jpg\"}]","video":"","related_article":"","materials":"[\"Acier Inoxydable 18\/10\"]","qr_redirect":"[\"https:\/\/www.ibilimenaje.com\/es\/p\/products\/d\/2896-cafetera-express-moca\",\"https:\/\/www.ibilimenaje.com\/es\/p\/products\/d\/2896-cafetera-express-moca\",\"https:\/\/www.ibilimenaje.com\/es\/p\/products\/d\/2896-cafetera-express-moca\",\"https:\/\/www.ibilimenaje.com\/es\/p\/products\/d\/2896-cafetera-express-moca\",\"https:\/\/www.ibilimenaje.com\/es\/p\/products\/d\/2896-cafetera-express-moca\"]","downloads":""},"yoast_head":"<!-- This site is optimized with the Yoast SEO plugin v22.6 - https:\/\/yoast.com\/wordpress\/plugins\/seo\/ -->\n<title>2896-cafetiere-express - Ibili Stage<\/title>\n<meta name=\"robots\" content=\"noindex, follow, max-snippet:-1, max-image-preview:large, max-video-preview:-1\" \/>\n<meta property=\"og:locale\" content=\"fr_CA\" \/>\n<meta property=\"og:type\" content=\"article\" \/>\n<meta property=\"og:title\" content=\"2896-cafetiere-express - Ibili Stage\" \/>\n<meta property=\"og:description\" content=\"611002 611004 611006 611010 611015 Acier Inoxydable 18\/10 Cafeti\u00e8re expresso ##8411922449730##8411922449747##8411922449754##8411922449761##8411922451535## ###moca-2### ####27792820#### #@#72377-fr_CA#@#5953-fr_CA#@#\" \/>\n<meta property=\"og:url\" content=\"https:\/\/api.ibilimenaje.com\/es\/productos\/2896-cafetiere-express\/\" \/>\n<meta property=\"og:site_name\" content=\"Ibili Stage\" \/>\n<meta name=\"twitter:card\" content=\"summary_large_image\" \/>\n<script type=\"application\/ld+json\" class=\"yoast-schema-graph\">{\"@context\":\"https:\/\/schema.org\",\"@graph\":[{\"@type\":\"WebPage\",\"@id\":\"https:\/\/api.ibilimenaje.com\/es\/productos\/2896-cafetiere-express\/\",\"url\":\"https:\/\/api.ibilimenaje.com\/es\/productos\/2896-cafetiere-express\/\",\"name\":\"2896-cafetiere-express - Ibili Stage\",\"isPartOf\":{\"@id\":\"https:\/\/api.ibilimenaje.com\/es\/#website\"},\"primaryImageOfPage\":{\"@id\":\"https:\/\/api.ibilimenaje.com\/es\/productos\/2896-cafetiere-express\/#primaryimage\"},\"image\":{\"@id\":\"https:\/\/api.ibilimenaje.com\/es\/productos\/2896-cafetiere-express\/#primaryimage\"},\"thumbnailUrl\":\"https:\/\/api.ibilimenaje.com\/wp-content\/uploads\/2026\/04\/IMAGE__IMPORTED_69f3d10d480b7_611002-1.jpg\",\"datePublished\":\"2026-04-30T22:09:29+00:00\",\"dateModified\":\"2026-04-30T22:09:29+00:00\",\"breadcrumb\":{\"@id\":\"https:\/\/api.ibilimenaje.com\/es\/productos\/2896-cafetiere-express\/#breadcrumb\"},\"inLanguage\":\"fr-CA\",\"potentialAction\":[{\"@type\":\"ReadAction\",\"target\":[\"https:\/\/api.ibilimenaje.com\/es\/productos\/2896-cafetiere-express\/\"]}]},{\"@type\":\"ImageObject\",\"inLanguage\":\"fr-CA\",\"@id\":\"https:\/\/api.ibilimenaje.com\/es\/productos\/2896-cafetiere-express\/#primaryimage\",\"url\":\"https:\/\/api.ibilimenaje.com\/wp-content\/uploads\/2026\/04\/IMAGE__IMPORTED_69f3d10d480b7_611002-1.jpg\",\"contentUrl\":\"https:\/\/api.ibilimenaje.com\/wp-content\/uploads\/2026\/04\/IMAGE__IMPORTED_69f3d10d480b7_611002-1.jpg\",\"width\":900,\"height\":900},{\"@type\":\"BreadcrumbList\",\"@id\":\"https:\/\/api.ibilimenaje.com\/es\/productos\/2896-cafetiere-express\/#breadcrumb\",\"itemListElement\":[{\"@type\":\"ListItem\",\"position\":1,\"name\":\"Portada\",\"item\":\"https:\/\/api.ibilimenaje.com\/es\/\"},{\"@type\":\"ListItem\",\"position\":2,\"name\":\"2896-cafetiere-express\"}]},{\"@type\":\"WebSite\",\"@id\":\"https:\/\/api.ibilimenaje.com\/es\/#website\",\"url\":\"https:\/\/api.ibilimenaje.com\/es\/\",\"name\":\"Ibili Stage\",\"description\":\"Otro sitio realizado con WordPress\",\"potentialAction\":[{\"@type\":\"SearchAction\",\"target\":{\"@type\":\"EntryPoint\",\"urlTemplate\":\"https:\/\/api.ibilimenaje.com\/es\/?s={search_term_string}\"},\"query-input\":\"required name=search_term_string\"}],\"inLanguage\":\"fr-CA\"}]}<\/script>\n<!-- \/ Yoast SEO plugin. -->","yoast_head_json":{"title":"2896-cafetiere-express - Ibili Stage","robots":{"index":"noindex","follow":"follow","max-snippet":"max-snippet:-1","max-image-preview":"max-image-preview:large","max-video-preview":"max-video-preview:-1"},"og_locale":"fr_CA","og_type":"article","og_title":"2896-cafetiere-express - Ibili Stage","og_description":"611002 611004 611006 611010 611015 Acier Inoxydable 18\/10 Cafeti\u00e8re expresso ##8411922449730##8411922449747##8411922449754##8411922449761##8411922451535## ###moca-2### ####27792820#### #@#72377-fr_CA#@#5953-fr_CA#@#","og_url":"https:\/\/api.ibilimenaje.com\/es\/productos\/2896-cafetiere-express\/","og_site_name":"Ibili Stage","twitter_card":"summary_large_image","schema":{"@context":"https:\/\/schema.org","@graph":[{"@type":"WebPage","@id":"https:\/\/api.ibilimenaje.com\/es\/productos\/2896-cafetiere-express\/","url":"https:\/\/api.ibilimenaje.com\/es\/productos\/2896-cafetiere-express\/","name":"2896-cafetiere-express - Ibili Stage","isPartOf":{"@id":"https:\/\/api.ibilimenaje.com\/es\/#website"},"primaryImageOfPage":{"@id":"https:\/\/api.ibilimenaje.com\/es\/productos\/2896-cafetiere-express\/#primaryimage"},"image":{"@id":"https:\/\/api.ibilimenaje.com\/es\/productos\/2896-cafetiere-express\/#primaryimage"},"thumbnailUrl":"https:\/\/api.ibilimenaje.com\/wp-content\/uploads\/2026\/04\/IMAGE__IMPORTED_69f3d10d480b7_611002-1.jpg","datePublished":"2026-04-30T22:09:29+00:00","dateModified":"2026-04-30T22:09:29+00:00","breadcrumb":{"@id":"https:\/\/api.ibilimenaje.com\/es\/productos\/2896-cafetiere-express\/#breadcrumb"},"inLanguage":"fr-CA","potentialAction":[{"@type":"ReadAction","target":["https:\/\/api.ibilimenaje.com\/es\/productos\/2896-cafetiere-express\/"]}]},{"@type":"ImageObject","inLanguage":"fr-CA","@id":"https:\/\/api.ibilimenaje.com\/es\/productos\/2896-cafetiere-express\/#primaryimage","url":"https:\/\/api.ibilimenaje.com\/wp-content\/uploads\/2026\/04\/IMAGE__IMPORTED_69f3d10d480b7_611002-1.jpg","contentUrl":"https:\/\/api.ibilimenaje.com\/wp-content\/uploads\/2026\/04\/IMAGE__IMPORTED_69f3d10d480b7_611002-1.jpg","width":900,"height":900},{"@type":"BreadcrumbList","@id":"https:\/\/api.ibilimenaje.com\/es\/productos\/2896-cafetiere-express\/#breadcrumb","itemListElement":[{"@type":"ListItem","position":1,"name":"Portada","item":"https:\/\/api.ibilimenaje.com\/es\/"},{"@type":"ListItem","position":2,"name":"2896-cafetiere-express"}]},{"@type":"WebSite","@id":"https:\/\/api.ibilimenaje.com\/es\/#website","url":"https:\/\/api.ibilimenaje.com\/es\/","name":"Ibili Stage","description":"Otro sitio realizado con WordPress","potentialAction":[{"@type":"SearchAction","target":{"@type":"EntryPoint","urlTemplate":"https:\/\/api.ibilimenaje.com\/es\/?s={search_term_string}"},"query-input":"required name=search_term_string"}],"inLanguage":"fr-CA"}]}},"_links":{"self":[{"href":"https:\/\/api.ibilimenaje.com\/fr-ca\/wp-json\/wp\/v2\/productos\/61180890","targetHints":{"allow":["GET"]}}],"collection":[{"href":"https:\/\/api.ibilimenaje.com\/fr-ca\/wp-json\/wp\/v2\/productos"}],"about":[{"href":"https:\/\/api.ibilimenaje.com\/fr-ca\/wp-json\/wp\/v2\/types\/productos"}],"acf:post":[{"embeddable":true,"href":"https:\/\/api.ibilimenaje.com\/fr-ca\/wp-json\/wp\/v2\/colecciones\/27792820"}],"wp:featuredmedia":[{"embeddable":true,"href":"https:\/\/api.ibilimenaje.com\/fr-ca\/wp-json\/wp\/v2\/media\/61180913"}],"wp:attachment":[{"href":"https:\/\/api.ibilimenaje.com\/fr-ca\/wp-json\/wp\/v2\/media?parent=61180890"}],"wp:term":[{"taxonomy":"product_categories","embeddable":true,"href":"https:\/\/api.ibilimenaje.com\/fr-ca\/wp-json\/wp\/v2\/product_categories?post=61180890"}],"curies":[{"name":"wp","href":"https:\/\/api.w.org\/{rel}","templated":true}]}}

<p>611002 611004 611006 611010 611015 Acier Inoxydable 18/10 Cafetière expresso  ##8411922449730##8411922449747##8411922449754##8411922449761##8411922451535## ###moca-2###  ####27792820####  #@#72377-fr_CA#@#5953-fr_CA#@# </p>

Cafetière Express

MOKA CAFETIÈRE EXPRESSO INOX

Cafetière express Moka. Manche en acier inoxydable et bakélite. Convient à tous les feux.

Poignée En Bakélite

<!-- This site is optimized with the Yoast SEO plugin v22.6 - https://yoast.com/wordpress/plugins/seo/ -->
<title>2896-cafetiere-express - Ibili Stage</title>
<meta name="robots" content="noindex, follow, max-snippet:-1, max-image-preview:large, max-video-preview:-1" />
<meta property="og:locale" content="fr_CA" />
<meta property="og:type" content="article" />
<meta property="og:title" content="2896-cafetiere-express - Ibili Stage" />
<meta property="og:description" content="611002 611004 611006 611010 611015 Acier Inoxydable 18/10 Cafetière expresso ##8411922449730##8411922449747##8411922449754##8411922449761##8411922451535## ###moca-2### ####27792820#### #@#72377-fr_CA#@#5953-fr_CA#@#" />
<meta property="og:url" content="https://api.ibilimenaje.com/es/productos/2896-cafetiere-express/" />
<meta property="og:site_name" content="Ibili Stage" />
<meta name="twitter:card" content="summary_large_image" />
<script type="application/ld+json" class="yoast-schema-graph">{"@context":"https://schema.org","@graph":[{"@type":"WebPage","@id":"https://api.ibilimenaje.com/es/productos/2896-cafetiere-express/","url":"https://api.ibilimenaje.com/es/productos/2896-cafetiere-express/","name":"2896-cafetiere-express - Ibili Stage","isPartOf":{"@id":"https://api.ibilimenaje.com/es/#website"},"primaryImageOfPage":{"@id":"https://api.ibilimenaje.com/es/productos/2896-cafetiere-express/#primaryimage"},"image":{"@id":"https://api.ibilimenaje.com/es/productos/2896-cafetiere-express/#primaryimage"},"thumbnailUrl":"https://api.ibilimenaje.com/wp-content/uploads/2026/04/IMAGE__IMPORTED_69f3d10d480b7_611002-1.jpg","datePublished":"2026-04-30T22:09:29+00:00","dateModified":"2026-04-30T22:09:29+00:00","breadcrumb":{"@id":"https://api.ibilimenaje.com/es/productos/2896-cafetiere-express/#breadcrumb"},"inLanguage":"fr-CA","potentialAction":[{"@type":"ReadAction","target":["https://api.ibilimenaje.com/es/productos/2896-cafetiere-express/"]}]},{"@type":"ImageObject","inLanguage":"fr-CA","@id":"https://api.ibilimenaje.com/es/productos/2896-cafetiere-express/#primaryimage","url":"https://api.ibilimenaje.com/wp-content/uploads/2026/04/IMAGE__IMPORTED_69f3d10d480b7_611002-1.jpg","contentUrl":"https://api.ibilimenaje.com/wp-content/uploads/2026/04/IMAGE__IMPORTED_69f3d10d480b7_611002-1.jpg","width":900,"height":900},{"@type":"BreadcrumbList","@id":"https://api.ibilimenaje.com/es/productos/2896-cafetiere-express/#breadcrumb","itemListElement":[{"@type":"ListItem","position":1,"name":"Portada","item":"https://api.ibilimenaje.com/es/"},{"@type":"ListItem","position":2,"name":"2896-cafetiere-express"}]},{"@type":"WebSite","@id":"https://api.ibilimenaje.com/es/#website","url":"https://api.ibilimenaje.com/es/","name":"Ibili Stage","description":"Otro sitio realizado con WordPress","potentialAction":[{"@type":"SearchAction","target":{"@type":"EntryPoint","urlTemplate":"https://api.ibilimenaje.com/es/?s={search_term_string}"},"query-input":"required name=search_term_string"}],"inLanguage":"fr-CA"}]}</script>
<!-- / Yoast SEO plugin. -->

611002 611004 611006 611010 611015 Acier Inoxydable 18/10 Cafetière expresso ##8411922449730##8411922449747##8411922449754##8411922449761##8411922451535## ###moca-2### ####27792820#### #@#72377-fr_CA#@#5953-fr_CA#@#
