{"id":61234662,"date":"2026-04-30T22:22:38","date_gmt":"2026-04-30T22:22:38","guid":{"rendered":"https:\/\/api.ibilimenaje.com\/productos\/48128-moule-haut-karamel\/"},"modified":"2026-04-30T22:22:38","modified_gmt":"2026-04-30T22:22:38","slug":"48128-moule-haut-karamel","status":"publish","type":"productos","link":"https:\/\/api.ibilimenaje.com\/fr-ca\/productos\/48128-moule-haut-karamel\/","title":{"rendered":"48128-moule-haut-karamel"},"content":{"rendered":"<p>Moule D\u00e9montable avec Base Extra, moule rouge, moule rond, moule en acier, rouge 372728 Plaque D&#8217;Acier Moule haut  ##8411922476422## ###karamel###  ####35889607####  #@#-fr_CA#@#72360-fr_CA#@#5979-fr_CA#@# <\/p>\n","protected":false},"featured_media":61234685,"template":"","product_categories":[72360,5979],"class_list":["post-61234662","productos","type-productos","status-publish","has-post-thumbnail","hentry","product_categories-moldes-2772","product_categories-reposteria-2728","entry"],"acf":{"titulo_visible":"Moule Haut Karamel","subtitle":"MOULE ROND DE 28 CM","collection":[35889607],"is_new":false,"description":"Le Moule D\u00e9montable avec Base Extra, de la collection Karamel, est id\u00e9al pour la p\u00e2tisserie traditionnelle et les pr\u00e9parations diverses, offrant style et fonctionnalit\u00e9.#BR#<ul><li>Ce moule a un diam\u00e8tre de 28 cm et une hauteur de 5 cm.<\/li>#BR#<li>Fabriqu\u00e9 en acier au carbone, il est r\u00e9sistant aux rayures et garantit une longue dur\u00e9e de vie. <\/li>#BR#<li>Il peut cuire \u00e0 des temp\u00e9ratures allant jusqu'\u00e0 230\u00b0. <\/li>#BR#<li>Il est dot\u00e9 d'un rev\u00eatement antiadh\u00e9sif \u00e0 2 couches, sans BPA.<\/li>#BR#<li>Sa couleur rouge et son mat\u00e9riau apportent un style traditionnel \u00e0 la cuisine.<\/li>#BR#<li>Laver \u00e0 la main et essuyer imm\u00e9diatement apr\u00e8s utilisation. Ne passe pas au lave-vaisselle.<\/li>","tags_up":"","tags_down":"[\"https:\/\/api.ibilimenaje.com\/wp-content\/uploads\/2026\/04\/IMAGE__IMPORTED_69f3d10d480b7_oven.svg\",\"https:\/\/api.ibilimenaje.com\/wp-content\/uploads\/2026\/04\/IMAGE__IMPORTED_69f3d10d480b7_diswasher-no.svg\",\"https:\/\/api.ibilimenaje.com\/wp-content\/uploads\/2026\/04\/IMAGE__IMPORTED_69f3d10d480b7_non-stick-layer-2.svg\",\"https:\/\/api.ibilimenaje.com\/wp-content\/uploads\/2026\/04\/IMAGE__IMPORTED_69f3d10d480b7_PPG_Skandia_Xtreme.svg\"]","images":"[\"https:\/\/api.ibilimenaje.com\/wp-content\/uploads\/2026\/04\/IMAGE__IMPORTED_69f3d10d480b7_372728-1.jpg\",\"https:\/\/api.ibilimenaje.com\/wp-content\/uploads\/2026\/04\/IMAGE__IMPORTED_69f3d10d480b7_372728A-1.jpg\",\"https:\/\/api.ibilimenaje.com\/wp-content\/uploads\/2026\/04\/IMAGE__IMPORTED_69f3d10d480b7_372728B-1.jpg\"]","sizes":"[{\"Ref.\":\"372728\",\"https:\/\/api.ibilimenaje.com\/wp-content\/uploads\/2026\/04\/IMAGE__IMPORTED_69f3d10d480b7_diamcm.svg\":\"28\",\"H (cm)\":\"5,20\",\"https:\/\/api.ibilimenaje.com\/wp-content\/uploads\/2026\/04\/IMAGE__IMPORTED_69f3d10d480b7_ue.svg\":\"6\",\"Bar Code\":\"8411922476422\"}]","features":"","related_products":"[{\"title\":\"Pichet Graduu00e9 avec Anse\",\"uri\":\"\/productos\/47381-pichet-gradue-avec-anse\",\"imgsrc\":\"https:\/\/api.ibilimenaje.com\/wp-content\/uploads\/2026\/04\/IMAGE__IMPORTED_69f3d10d480b7_481305-1.jpg\"},{\"title\":\"Moule Du00e9montable Karamel\",\"uri\":\"\/productos\/48126-moule-demontable-karamel\",\"imgsrc\":\"https:\/\/api.ibilimenaje.com\/wp-content\/uploads\/2026\/04\/IMAGE__IMPORTED_69f3d10d480b7_372520-1.jpg\"},{\"title\":\"Spatule Silicone Nuuk\",\"uri\":\"\/productos\/49937-spatule-silicone-nuuk\",\"imgsrc\":\"https:\/\/api.ibilimenaje.com\/wp-content\/uploads\/2026\/04\/IMAGE__IMPORTED_69f3d10d480b7_759410-1.jpg\"}]","video":"","related_article":"","materials":"[\"Plaque D'Acier\"]","qr_redirect":"[\"https:\/\/www.ibilimenaje.com\/es\/p\/products\/d\/48128-molde-alto-karamel\"]","downloads":""},"yoast_head":"<!-- This site is optimized with the Yoast SEO plugin v22.6 - https:\/\/yoast.com\/wordpress\/plugins\/seo\/ -->\n<title>48128-moule-haut-karamel - Ibili Stage<\/title>\n<meta name=\"robots\" content=\"noindex, follow, max-snippet:-1, max-image-preview:large, max-video-preview:-1\" \/>\n<meta property=\"og:locale\" content=\"fr_CA\" \/>\n<meta property=\"og:type\" content=\"article\" \/>\n<meta property=\"og:title\" content=\"48128-moule-haut-karamel - Ibili Stage\" \/>\n<meta property=\"og:description\" content=\"Moule D\u00e9montable avec Base Extra, moule rouge, moule rond, moule en acier, rouge 372728 Plaque D&#8217;Acier Moule haut ##8411922476422## ###karamel### ####35889607#### #@#-fr_CA#@#72360-fr_CA#@#5979-fr_CA#@#\" \/>\n<meta property=\"og:url\" content=\"https:\/\/api.ibilimenaje.com\/es\/productos\/48128-moule-haut-karamel\/\" \/>\n<meta property=\"og:site_name\" content=\"Ibili Stage\" \/>\n<meta name=\"twitter:card\" content=\"summary_large_image\" \/>\n<script type=\"application\/ld+json\" class=\"yoast-schema-graph\">{\"@context\":\"https:\/\/schema.org\",\"@graph\":[{\"@type\":\"WebPage\",\"@id\":\"https:\/\/api.ibilimenaje.com\/es\/productos\/48128-moule-haut-karamel\/\",\"url\":\"https:\/\/api.ibilimenaje.com\/es\/productos\/48128-moule-haut-karamel\/\",\"name\":\"48128-moule-haut-karamel - Ibili Stage\",\"isPartOf\":{\"@id\":\"https:\/\/api.ibilimenaje.com\/es\/#website\"},\"primaryImageOfPage\":{\"@id\":\"https:\/\/api.ibilimenaje.com\/es\/productos\/48128-moule-haut-karamel\/#primaryimage\"},\"image\":{\"@id\":\"https:\/\/api.ibilimenaje.com\/es\/productos\/48128-moule-haut-karamel\/#primaryimage\"},\"thumbnailUrl\":\"https:\/\/api.ibilimenaje.com\/wp-content\/uploads\/2026\/04\/IMAGE__IMPORTED_69f3d10d480b7_372728-1.jpg\",\"datePublished\":\"2026-04-30T22:22:38+00:00\",\"dateModified\":\"2026-04-30T22:22:38+00:00\",\"breadcrumb\":{\"@id\":\"https:\/\/api.ibilimenaje.com\/es\/productos\/48128-moule-haut-karamel\/#breadcrumb\"},\"inLanguage\":\"fr-CA\",\"potentialAction\":[{\"@type\":\"ReadAction\",\"target\":[\"https:\/\/api.ibilimenaje.com\/es\/productos\/48128-moule-haut-karamel\/\"]}]},{\"@type\":\"ImageObject\",\"inLanguage\":\"fr-CA\",\"@id\":\"https:\/\/api.ibilimenaje.com\/es\/productos\/48128-moule-haut-karamel\/#primaryimage\",\"url\":\"https:\/\/api.ibilimenaje.com\/wp-content\/uploads\/2026\/04\/IMAGE__IMPORTED_69f3d10d480b7_372728-1.jpg\",\"contentUrl\":\"https:\/\/api.ibilimenaje.com\/wp-content\/uploads\/2026\/04\/IMAGE__IMPORTED_69f3d10d480b7_372728-1.jpg\",\"width\":900,\"height\":900},{\"@type\":\"BreadcrumbList\",\"@id\":\"https:\/\/api.ibilimenaje.com\/es\/productos\/48128-moule-haut-karamel\/#breadcrumb\",\"itemListElement\":[{\"@type\":\"ListItem\",\"position\":1,\"name\":\"Portada\",\"item\":\"https:\/\/api.ibilimenaje.com\/es\/\"},{\"@type\":\"ListItem\",\"position\":2,\"name\":\"48128-moule-haut-karamel\"}]},{\"@type\":\"WebSite\",\"@id\":\"https:\/\/api.ibilimenaje.com\/es\/#website\",\"url\":\"https:\/\/api.ibilimenaje.com\/es\/\",\"name\":\"Ibili Stage\",\"description\":\"Otro sitio realizado con WordPress\",\"potentialAction\":[{\"@type\":\"SearchAction\",\"target\":{\"@type\":\"EntryPoint\",\"urlTemplate\":\"https:\/\/api.ibilimenaje.com\/es\/?s={search_term_string}\"},\"query-input\":\"required name=search_term_string\"}],\"inLanguage\":\"fr-CA\"}]}<\/script>\n<!-- \/ Yoast SEO plugin. -->","yoast_head_json":{"title":"48128-moule-haut-karamel - Ibili Stage","robots":{"index":"noindex","follow":"follow","max-snippet":"max-snippet:-1","max-image-preview":"max-image-preview:large","max-video-preview":"max-video-preview:-1"},"og_locale":"fr_CA","og_type":"article","og_title":"48128-moule-haut-karamel - Ibili Stage","og_description":"Moule D\u00e9montable avec Base Extra, moule rouge, moule rond, moule en acier, rouge 372728 Plaque D&#8217;Acier Moule haut ##8411922476422## ###karamel### ####35889607#### #@#-fr_CA#@#72360-fr_CA#@#5979-fr_CA#@#","og_url":"https:\/\/api.ibilimenaje.com\/es\/productos\/48128-moule-haut-karamel\/","og_site_name":"Ibili Stage","twitter_card":"summary_large_image","schema":{"@context":"https:\/\/schema.org","@graph":[{"@type":"WebPage","@id":"https:\/\/api.ibilimenaje.com\/es\/productos\/48128-moule-haut-karamel\/","url":"https:\/\/api.ibilimenaje.com\/es\/productos\/48128-moule-haut-karamel\/","name":"48128-moule-haut-karamel - Ibili Stage","isPartOf":{"@id":"https:\/\/api.ibilimenaje.com\/es\/#website"},"primaryImageOfPage":{"@id":"https:\/\/api.ibilimenaje.com\/es\/productos\/48128-moule-haut-karamel\/#primaryimage"},"image":{"@id":"https:\/\/api.ibilimenaje.com\/es\/productos\/48128-moule-haut-karamel\/#primaryimage"},"thumbnailUrl":"https:\/\/api.ibilimenaje.com\/wp-content\/uploads\/2026\/04\/IMAGE__IMPORTED_69f3d10d480b7_372728-1.jpg","datePublished":"2026-04-30T22:22:38+00:00","dateModified":"2026-04-30T22:22:38+00:00","breadcrumb":{"@id":"https:\/\/api.ibilimenaje.com\/es\/productos\/48128-moule-haut-karamel\/#breadcrumb"},"inLanguage":"fr-CA","potentialAction":[{"@type":"ReadAction","target":["https:\/\/api.ibilimenaje.com\/es\/productos\/48128-moule-haut-karamel\/"]}]},{"@type":"ImageObject","inLanguage":"fr-CA","@id":"https:\/\/api.ibilimenaje.com\/es\/productos\/48128-moule-haut-karamel\/#primaryimage","url":"https:\/\/api.ibilimenaje.com\/wp-content\/uploads\/2026\/04\/IMAGE__IMPORTED_69f3d10d480b7_372728-1.jpg","contentUrl":"https:\/\/api.ibilimenaje.com\/wp-content\/uploads\/2026\/04\/IMAGE__IMPORTED_69f3d10d480b7_372728-1.jpg","width":900,"height":900},{"@type":"BreadcrumbList","@id":"https:\/\/api.ibilimenaje.com\/es\/productos\/48128-moule-haut-karamel\/#breadcrumb","itemListElement":[{"@type":"ListItem","position":1,"name":"Portada","item":"https:\/\/api.ibilimenaje.com\/es\/"},{"@type":"ListItem","position":2,"name":"48128-moule-haut-karamel"}]},{"@type":"WebSite","@id":"https:\/\/api.ibilimenaje.com\/es\/#website","url":"https:\/\/api.ibilimenaje.com\/es\/","name":"Ibili Stage","description":"Otro sitio realizado con WordPress","potentialAction":[{"@type":"SearchAction","target":{"@type":"EntryPoint","urlTemplate":"https:\/\/api.ibilimenaje.com\/es\/?s={search_term_string}"},"query-input":"required name=search_term_string"}],"inLanguage":"fr-CA"}]}},"_links":{"self":[{"href":"https:\/\/api.ibilimenaje.com\/fr-ca\/wp-json\/wp\/v2\/productos\/61234662","targetHints":{"allow":["GET"]}}],"collection":[{"href":"https:\/\/api.ibilimenaje.com\/fr-ca\/wp-json\/wp\/v2\/productos"}],"about":[{"href":"https:\/\/api.ibilimenaje.com\/fr-ca\/wp-json\/wp\/v2\/types\/productos"}],"acf:post":[{"embeddable":true,"href":"https:\/\/api.ibilimenaje.com\/fr-ca\/wp-json\/wp\/v2\/colecciones\/35889607"}],"wp:featuredmedia":[{"embeddable":true,"href":"https:\/\/api.ibilimenaje.com\/fr-ca\/wp-json\/wp\/v2\/media\/61234685"}],"wp:attachment":[{"href":"https:\/\/api.ibilimenaje.com\/fr-ca\/wp-json\/wp\/v2\/media?parent=61234662"}],"wp:term":[{"taxonomy":"product_categories","embeddable":true,"href":"https:\/\/api.ibilimenaje.com\/fr-ca\/wp-json\/wp\/v2\/product_categories?post=61234662"}],"curies":[{"name":"wp","href":"https:\/\/api.w.org\/{rel}","templated":true}]}}

<p>Moule Démontable avec Base Extra, moule rouge, moule rond, moule en acier, rouge 372728 Plaque D&#8217;Acier Moule haut  ##8411922476422## ###karamel###  ####35889607####  #@#-fr_CA#@#72360-fr_CA#@#5979-fr_CA#@# </p>

Le Moule Démontable avec Base Extra, de la collection Karamel, est idéal pour la pâtisserie traditionnelle et les préparations diverses, offrant style et fonctionnalité.#BR#<ul><li>Ce moule a un diamètre de 28 cm et une hauteur de 5 cm.</li>#BR#<li>Fabriqué en acier au carbone, il est résistant aux rayures et garantit une longue durée de vie. </li>#BR#<li>Il peut cuire à des températures allant jusqu'à 230°. </li>#BR#<li>Il est doté d'un revêtement antiadhésif à 2 couches, sans BPA.</li>#BR#<li>Sa couleur rouge et son matériau apportent un style traditionnel à la cuisine.</li>#BR#<li>Laver à la main et essuyer immédiatement après utilisation. Ne passe pas au lave-vaisselle.</li>

<!-- This site is optimized with the Yoast SEO plugin v22.6 - https://yoast.com/wordpress/plugins/seo/ -->
<title>48128-moule-haut-karamel - Ibili Stage</title>
<meta name="robots" content="noindex, follow, max-snippet:-1, max-image-preview:large, max-video-preview:-1" />
<meta property="og:locale" content="fr_CA" />
<meta property="og:type" content="article" />
<meta property="og:title" content="48128-moule-haut-karamel - Ibili Stage" />
<meta property="og:description" content="Moule Démontable avec Base Extra, moule rouge, moule rond, moule en acier, rouge 372728 Plaque D&#8217;Acier Moule haut ##8411922476422## ###karamel### ####35889607#### #@#-fr_CA#@#72360-fr_CA#@#5979-fr_CA#@#" />
<meta property="og:url" content="https://api.ibilimenaje.com/es/productos/48128-moule-haut-karamel/" />
<meta property="og:site_name" content="Ibili Stage" />
<meta name="twitter:card" content="summary_large_image" />
<script type="application/ld+json" class="yoast-schema-graph">{"@context":"https://schema.org","@graph":[{"@type":"WebPage","@id":"https://api.ibilimenaje.com/es/productos/48128-moule-haut-karamel/","url":"https://api.ibilimenaje.com/es/productos/48128-moule-haut-karamel/","name":"48128-moule-haut-karamel - Ibili Stage","isPartOf":{"@id":"https://api.ibilimenaje.com/es/#website"},"primaryImageOfPage":{"@id":"https://api.ibilimenaje.com/es/productos/48128-moule-haut-karamel/#primaryimage"},"image":{"@id":"https://api.ibilimenaje.com/es/productos/48128-moule-haut-karamel/#primaryimage"},"thumbnailUrl":"https://api.ibilimenaje.com/wp-content/uploads/2026/04/IMAGE__IMPORTED_69f3d10d480b7_372728-1.jpg","datePublished":"2026-04-30T22:22:38+00:00","dateModified":"2026-04-30T22:22:38+00:00","breadcrumb":{"@id":"https://api.ibilimenaje.com/es/productos/48128-moule-haut-karamel/#breadcrumb"},"inLanguage":"fr-CA","potentialAction":[{"@type":"ReadAction","target":["https://api.ibilimenaje.com/es/productos/48128-moule-haut-karamel/"]}]},{"@type":"ImageObject","inLanguage":"fr-CA","@id":"https://api.ibilimenaje.com/es/productos/48128-moule-haut-karamel/#primaryimage","url":"https://api.ibilimenaje.com/wp-content/uploads/2026/04/IMAGE__IMPORTED_69f3d10d480b7_372728-1.jpg","contentUrl":"https://api.ibilimenaje.com/wp-content/uploads/2026/04/IMAGE__IMPORTED_69f3d10d480b7_372728-1.jpg","width":900,"height":900},{"@type":"BreadcrumbList","@id":"https://api.ibilimenaje.com/es/productos/48128-moule-haut-karamel/#breadcrumb","itemListElement":[{"@type":"ListItem","position":1,"name":"Portada","item":"https://api.ibilimenaje.com/es/"},{"@type":"ListItem","position":2,"name":"48128-moule-haut-karamel"}]},{"@type":"WebSite","@id":"https://api.ibilimenaje.com/es/#website","url":"https://api.ibilimenaje.com/es/","name":"Ibili Stage","description":"Otro sitio realizado con WordPress","potentialAction":[{"@type":"SearchAction","target":{"@type":"EntryPoint","urlTemplate":"https://api.ibilimenaje.com/es/?s={search_term_string}"},"query-input":"required name=search_term_string"}],"inLanguage":"fr-CA"}]}</script>
<!-- / Yoast SEO plugin. -->

Moule Démontable avec Base Extra, moule rouge, moule rond, moule en acier, rouge 372728 Plaque D&#8217;Acier Moule haut ##8411922476422## ###karamel### ####35889607#### #@#-fr_CA#@#72360-fr_CA#@#5979-fr_CA#@#
